{"id":81755,"date":"2026-03-05T10:50:13","date_gmt":"2026-03-05T09:50:13","guid":{"rendered":"https:\/\/fsmcv.org\/agenda\/concert-en-clau-femenina-banda-simfonica-municipal-de-valencia\/"},"modified":"2026-03-05T10:50:13","modified_gmt":"2026-03-05T09:50:13","slug":"concert-en-clau-femenina-banda-simfonica-municipal-de-valencia","status":"publish","type":"mec-events","link":"https:\/\/fsmcv.org\/vl\/agenda\/concert-en-clau-femenina-banda-simfonica-municipal-de-valencia\/","title":{"rendered":"Concert En Clau Femenina &#8211; Banda Simf\u00f2nica Municipal de Val\u00e8ncia"},"content":{"rendered":"<p>Lloc de realitzaci\u00f3: Sala Iturbi del Palau de la M\u00fasica, Val\u00e8ncia.<\/p>\n","protected":false},"excerpt":{"rendered":"<p>Lloc de realitzaci\u00f3: Sala Iturbi del Palau de la M\u00fasica, Val\u00e8ncia.<\/p>\n","protected":false},"author":17,"featured_media":75288,"template":"","tags":[],"mec_category":[220],"class_list":["post-81755","mec-events","type-mec-events","status-publish","has-post-thumbnail","hentry","mec_category-concerts"],"_links":{"self":[{"href":"https:\/\/fsmcv.org\/vl\/wp-json\/wp\/v2\/mec-events\/81755","targetHints":{"allow":["GET"]}}],"collection":[{"href":"https:\/\/fsmcv.org\/vl\/wp-json\/wp\/v2\/mec-events"}],"about":[{"href":"https:\/\/fsmcv.org\/vl\/wp-json\/wp\/v2\/types\/mec-events"}],"author":[{"embeddable":true,"href":"https:\/\/fsmcv.org\/vl\/wp-json\/wp\/v2\/users\/17"}],"wp:featuredmedia":[{"embeddable":true,"href":"https:\/\/fsmcv.org\/vl\/wp-json\/wp\/v2\/media\/75288"}],"wp:attachment":[{"href":"https:\/\/fsmcv.org\/vl\/wp-json\/wp\/v2\/media?parent=81755"}],"wp:term":[{"taxonomy":"post_tag","embeddable":true,"href":"https:\/\/fsmcv.org\/vl\/wp-json\/wp\/v2\/tags?post=81755"},{"taxonomy":"mec_category","embeddable":true,"href":"https:\/\/fsmcv.org\/vl\/wp-json\/wp\/v2\/mec_category?post=81755"}],"curies":[{"name":"wp","href":"https:\/\/api.w.org\/{rel}","templated":true}]}}

Concert En Clau Femenina &#8211; Banda Simfònica Municipal de València

<p>Lloc de realització: Sala Iturbi del Palau de la Música, València.</p>
