{"id":81767,"date":"2026-03-06T08:46:17","date_gmt":"2026-03-06T07:46:17","guid":{"rendered":"https:\/\/fsmcv.org\/agenda\/certamen-nacional-de-bandes-de-musica-de-cinema-ciutat-de-cullera-memorial-rafael-talens-pello\/"},"modified":"2026-03-06T08:46:17","modified_gmt":"2026-03-06T07:46:17","slug":"certamen-nacional-de-bandes-de-musica-de-cinema-ciutat-de-cullera-memorial-rafael-talens-pello","status":"publish","type":"mec-events","link":"https:\/\/fsmcv.org\/vl\/agenda\/certamen-nacional-de-bandes-de-musica-de-cinema-ciutat-de-cullera-memorial-rafael-talens-pello\/","title":{"rendered":"Certamen Nacional de Bandes de M\u00fasica de Cinema &#8220;Ciutat de Cullera&#8221; &#8211; Memorial Rafael Talens Pell\u00f3"},"content":{"rendered":"<p>Lloc de realitzaci\u00f3: Jardins del Mercat<\/p>\n","protected":false},"excerpt":{"rendered":"<p>Lloc de realitzaci\u00f3: Jardins del Mercat<\/p>\n","protected":false},"author":17,"featured_media":81766,"template":"","tags":[],"mec_category":[632],"class_list":["post-81767","mec-events","type-mec-events","status-publish","has-post-thumbnail","hentry","mec_category-certamens"],"_links":{"self":[{"href":"https:\/\/fsmcv.org\/vl\/wp-json\/wp\/v2\/mec-events\/81767","targetHints":{"allow":["GET"]}}],"collection":[{"href":"https:\/\/fsmcv.org\/vl\/wp-json\/wp\/v2\/mec-events"}],"about":[{"href":"https:\/\/fsmcv.org\/vl\/wp-json\/wp\/v2\/types\/mec-events"}],"author":[{"embeddable":true,"href":"https:\/\/fsmcv.org\/vl\/wp-json\/wp\/v2\/users\/17"}],"wp:featuredmedia":[{"embeddable":true,"href":"https:\/\/fsmcv.org\/vl\/wp-json\/wp\/v2\/media\/81766"}],"wp:attachment":[{"href":"https:\/\/fsmcv.org\/vl\/wp-json\/wp\/v2\/media?parent=81767"}],"wp:term":[{"taxonomy":"post_tag","embeddable":true,"href":"https:\/\/fsmcv.org\/vl\/wp-json\/wp\/v2\/tags?post=81767"},{"taxonomy":"mec_category","embeddable":true,"href":"https:\/\/fsmcv.org\/vl\/wp-json\/wp\/v2\/mec_category?post=81767"}],"curies":[{"name":"wp","href":"https:\/\/api.w.org\/{rel}","templated":true}]}}

Certamen Nacional de Bandes de Música de Cinema &#8220;Ciutat de Cullera&#8221; &#8211; Memorial Rafael Talens Pelló

<p>Lloc de realització: Jardins del Mercat</p>
