{"id":81872,"date":"2026-03-12T10:53:37","date_gmt":"2026-03-12T09:53:37","guid":{"rendered":"https:\/\/fsmcv.org\/agenda\/concert-de-primavera-unio-musical-de-sot-de-chera\/"},"modified":"2026-03-12T10:53:37","modified_gmt":"2026-03-12T09:53:37","slug":"concert-de-primavera-unio-musical-de-sot-de-chera","status":"publish","type":"mec-events","link":"https:\/\/fsmcv.org\/vl\/agenda\/concert-de-primavera-unio-musical-de-sot-de-chera\/","title":{"rendered":"Concert de Primavera &#8211; Uni\u00f3 Musical de Sot de Chera"},"content":{"rendered":"<p>Lloc de realitzaci\u00f3: Sal\u00f3 Actes de la societat musical, C\/ Sant Sebasti\u00e0, 22, Sot de Chera.<\/p>\n","protected":false},"excerpt":{"rendered":"<p>Lloc de realitzaci\u00f3: Sal\u00f3 Actes de la societat musical, C\/ Sant Sebasti\u00e0, 22, Sot de Chera.<\/p>\n","protected":false},"author":17,"featured_media":81866,"template":"","tags":[],"mec_category":[220],"class_list":["post-81872","mec-events","type-mec-events","status-publish","has-post-thumbnail","hentry","mec_category-concerts"],"_links":{"self":[{"href":"https:\/\/fsmcv.org\/vl\/wp-json\/wp\/v2\/mec-events\/81872","targetHints":{"allow":["GET"]}}],"collection":[{"href":"https:\/\/fsmcv.org\/vl\/wp-json\/wp\/v2\/mec-events"}],"about":[{"href":"https:\/\/fsmcv.org\/vl\/wp-json\/wp\/v2\/types\/mec-events"}],"author":[{"embeddable":true,"href":"https:\/\/fsmcv.org\/vl\/wp-json\/wp\/v2\/users\/17"}],"wp:featuredmedia":[{"embeddable":true,"href":"https:\/\/fsmcv.org\/vl\/wp-json\/wp\/v2\/media\/81866"}],"wp:attachment":[{"href":"https:\/\/fsmcv.org\/vl\/wp-json\/wp\/v2\/media?parent=81872"}],"wp:term":[{"taxonomy":"post_tag","embeddable":true,"href":"https:\/\/fsmcv.org\/vl\/wp-json\/wp\/v2\/tags?post=81872"},{"taxonomy":"mec_category","embeddable":true,"href":"https:\/\/fsmcv.org\/vl\/wp-json\/wp\/v2\/mec_category?post=81872"}],"curies":[{"name":"wp","href":"https:\/\/api.w.org\/{rel}","templated":true}]}}

Concert de Primavera &#8211; Unió Musical de Sot de Chera

<p>Lloc de realització: Saló Actes de la societat musical, C/ Sant Sebastià, 22, Sot de Chera.</p>
