{"id":82028,"date":"2026-03-23T10:57:30","date_gmt":"2026-03-23T09:57:30","guid":{"rendered":"https:\/\/fsmcv.org\/agenda\/v-certamen-dinterpretacio-de-musica-festera-premis-sant-jordi\/"},"modified":"2026-03-23T10:57:30","modified_gmt":"2026-03-23T09:57:30","slug":"v-certamen-dinterpretacio-de-musica-festera-premis-sant-jordi","status":"publish","type":"mec-events","link":"https:\/\/fsmcv.org\/vl\/agenda\/v-certamen-dinterpretacio-de-musica-festera-premis-sant-jordi\/","title":{"rendered":"V Certamen d&#8217;Interpretaci\u00f3 de M\u00fasica Festera &#8211; Premis Sant Jordi"},"content":{"rendered":"<p>Lloc de realitzaci\u00f3: Teatre Calder\u00f3n d&#8217;Alcoi.<\/p>\n","protected":false},"excerpt":{"rendered":"<p>Lloc de realitzaci\u00f3: Teatre Calder\u00f3n d&#8217;Alcoi.<\/p>\n","protected":false},"author":17,"featured_media":82026,"template":"","tags":[],"mec_category":[632],"class_list":["post-82028","mec-events","type-mec-events","status-publish","has-post-thumbnail","hentry","mec_category-certamens"],"_links":{"self":[{"href":"https:\/\/fsmcv.org\/vl\/wp-json\/wp\/v2\/mec-events\/82028","targetHints":{"allow":["GET"]}}],"collection":[{"href":"https:\/\/fsmcv.org\/vl\/wp-json\/wp\/v2\/mec-events"}],"about":[{"href":"https:\/\/fsmcv.org\/vl\/wp-json\/wp\/v2\/types\/mec-events"}],"author":[{"embeddable":true,"href":"https:\/\/fsmcv.org\/vl\/wp-json\/wp\/v2\/users\/17"}],"wp:featuredmedia":[{"embeddable":true,"href":"https:\/\/fsmcv.org\/vl\/wp-json\/wp\/v2\/media\/82026"}],"wp:attachment":[{"href":"https:\/\/fsmcv.org\/vl\/wp-json\/wp\/v2\/media?parent=82028"}],"wp:term":[{"taxonomy":"post_tag","embeddable":true,"href":"https:\/\/fsmcv.org\/vl\/wp-json\/wp\/v2\/tags?post=82028"},{"taxonomy":"mec_category","embeddable":true,"href":"https:\/\/fsmcv.org\/vl\/wp-json\/wp\/v2\/mec_category?post=82028"}],"curies":[{"name":"wp","href":"https:\/\/api.w.org\/{rel}","templated":true}]}}

V Certamen d&#8217;Interpretació de Música Festera &#8211; Premis Sant Jordi

<p>Lloc de realització: Teatre Calderón d&#8217;Alcoi.</p>
