{"id":83889,"date":"2026-09-03T10:38:31","date_gmt":"2026-09-03T08:38:31","guid":{"rendered":"https:\/\/fsmcv.org\/agenda\/concert-homenatge-a-d-salvador-chulia-a-carrec-de-la-banda-simfonica-municipal-de-valencia-ajuntament-de-catarroja\/"},"modified":"2026-09-03T10:38:31","modified_gmt":"2026-09-03T08:38:31","slug":"concert-homenatge-a-d-salvador-chulia-a-carrec-de-la-banda-simfonica-municipal-de-valencia-ajuntament-de-catarroja","status":"publish","type":"mec-events","link":"https:\/\/fsmcv.org\/vl\/agenda\/concert-homenatge-a-d-salvador-chulia-a-carrec-de-la-banda-simfonica-municipal-de-valencia-ajuntament-de-catarroja\/","title":{"rendered":"Concert homenatge a D. Salvador Chuli\u00e0 a c\u00e0rrec de la Banda Simf\u00f2nica Municipal de Val\u00e8ncia &#8211; Ajuntament de Catarroja"},"content":{"rendered":"<p>Lloc de realitzaci\u00f3: Pla\u00e7a del mercat, Catarroja.<\/p>\n","protected":false},"excerpt":{"rendered":"<p>Lloc de realitzaci\u00f3: Pla\u00e7a del mercat, Catarroja.<\/p>\n","protected":false},"author":17,"featured_media":75288,"template":"","tags":[],"mec_category":[220],"class_list":["post-83889","mec-events","type-mec-events","status-publish","has-post-thumbnail","hentry","mec_category-concerts"],"_links":{"self":[{"href":"https:\/\/fsmcv.org\/vl\/wp-json\/wp\/v2\/mec-events\/83889","targetHints":{"allow":["GET"]}}],"collection":[{"href":"https:\/\/fsmcv.org\/vl\/wp-json\/wp\/v2\/mec-events"}],"about":[{"href":"https:\/\/fsmcv.org\/vl\/wp-json\/wp\/v2\/types\/mec-events"}],"author":[{"embeddable":true,"href":"https:\/\/fsmcv.org\/vl\/wp-json\/wp\/v2\/users\/17"}],"wp:featuredmedia":[{"embeddable":true,"href":"https:\/\/fsmcv.org\/vl\/wp-json\/wp\/v2\/media\/75288"}],"wp:attachment":[{"href":"https:\/\/fsmcv.org\/vl\/wp-json\/wp\/v2\/media?parent=83889"}],"wp:term":[{"taxonomy":"post_tag","embeddable":true,"href":"https:\/\/fsmcv.org\/vl\/wp-json\/wp\/v2\/tags?post=83889"},{"taxonomy":"mec_category","embeddable":true,"href":"https:\/\/fsmcv.org\/vl\/wp-json\/wp\/v2\/mec_category?post=83889"}],"curies":[{"name":"wp","href":"https:\/\/api.w.org\/{rel}","templated":true}]}}

Concert homenatge a D. Salvador Chulià a càrrec de la Banda Simfònica Municipal de València &#8211; Ajuntament de Catarroja

<p>Lloc de realització: Plaça del mercat, Catarroja.</p>
