{"id":20593,"date":"2020-10-05T07:16:50","date_gmt":"2020-10-05T05:16:50","guid":{"rendered":"https:\/\/fsmcv.org\/cd-11-jove-banda-simfonica-de-la-fsmcv-temporada-2011\/"},"modified":"2023-07-18T17:26:55","modified_gmt":"2023-07-18T15:26:55","slug":"cd-11-jove-banda-simfonica-de-la-fsmcv-temporada-2011","status":"publish","type":"page","link":"https:\/\/fsmcv.org\/vl\/segell-discografic\/cd-11-jove-banda-simfonica-de-la-fsmcv-temporada-2011\/","title":{"rendered":"Jove Banda Simf\u00f2nica de la FSMCV \/ Temporada 2011"},"content":{"rendered":"\t\t<div data-elementor-type=\"wp-page\" data-elementor-id=\"20593\" class=\"elementor elementor-20593 elementor-20494\" data-elementor-post-type=\"page\">\n\t\t\t\t\t\t<section class=\"elementor-section elementor-top-section elementor-element elementor-element-3ed84a0b elementor-section-boxed elementor-section-height-default elementor-section-height-default\" data-id=\"3ed84a0b\" data-element_type=\"section\" data-e-type=\"section\">\n\t\t\t\t\t\t\t<div class=\"elementor-background-overlay\"><\/div>\n\t\t\t\t\t\t\t<div class=\"elementor-container elementor-column-gap-default\">\n\t\t\t\t\t<div class=\"elementor-column elementor-col-100 elementor-top-column elementor-element elementor-element-3bc97157\" data-id=\"3bc97157\" data-element_type=\"column\" data-e-type=\"column\">\n\t\t\t<div class=\"elementor-widget-wrap elementor-element-populated\">\n\t\t\t\t\t\t<div class=\"elementor-element elementor-element-4a3ab7cb elementor-widget elementor-widget-heading\" data-id=\"4a3ab7cb\" data-element_type=\"widget\" data-e-type=\"widget\" data-widget_type=\"heading.default\">\n\t\t\t\t<div class=\"elementor-widget-container\">\n\t\t\t\t\t<h1 class=\"elementor-heading-title elementor-size-default\">Jove Banda Simf\u00f2nica de la FSMCV \/ Temporada 2011<\/h1>\t\t\t\t<\/div>\n\t\t\t\t<\/div>\n\t\t\t\t\t<\/div>\n\t\t<\/div>\n\t\t\t\t\t<\/div>\n\t\t<\/section>\n\t\t\t\t<section class=\"elementor-section elementor-top-section elementor-element elementor-element-167f8e3a elementor-section-boxed elementor-section-height-default elementor-section-height-default\" data-id=\"167f8e3a\" data-element_type=\"section\" data-e-type=\"section\">\n\t\t\t\t\t\t<div class=\"elementor-container elementor-column-gap-wide\">\n\t\t\t\t\t<div class=\"elementor-column elementor-col-50 elementor-top-column elementor-element elementor-element-35f169b0\" data-id=\"35f169b0\" data-element_type=\"column\" data-e-type=\"column\">\n\t\t\t<div class=\"elementor-widget-wrap elementor-element-populated\">\n\t\t\t\t\t\t<div class=\"elementor-element elementor-element-29c7c545 elementor-view-default elementor-position-block-start elementor-mobile-position-block-start elementor-widget elementor-widget-icon-box\" data-id=\"29c7c545\" data-element_type=\"widget\" data-e-type=\"widget\" data-widget_type=\"icon-box.default\">\n\t\t\t\t<div class=\"elementor-widget-container\">\n\t\t\t\t\t\t\t<div class=\"elementor-icon-box-wrapper\">\n\n\t\t\t\t\t\t<div class=\"elementor-icon-box-icon\">\n\t\t\t\t<span  class=\"elementor-icon\">\n\t\t\t\t<i aria-hidden=\"true\" class=\"fas fa-compact-disc\"><\/i>\t\t\t\t<\/span>\n\t\t\t<\/div>\n\t\t\t\n\t\t\t\t\t\t<div class=\"elementor-icon-box-content\">\n\n\t\t\t\t\t\t\t\t\t<h2 class=\"elementor-icon-box-title\">\n\t\t\t\t\t\t<span  >\n\t\t\t\t\t\t\tJove Banda Simf\u00f2nica de la FSMCV \/ Temporada 2011\t\t\t\t\t\t<\/span>\n\t\t\t\t\t<\/h2>\n\t\t\t\t\n\t\t\t\t\t\t\t\t\t<p class=\"elementor-icon-box-description\">\n\t\t\t\t\t\t\n\n\t\t\t\t\t<\/p>\n\t\t\t\t\n\t\t\t<\/div>\n\t\t\t\n\t\t<\/div>\n\t\t\t\t\t\t<\/div>\n\t\t\t\t<\/div>\n\t\t\t\t<div class=\"elementor-element elementor-element-607afc0f elementor-widget elementor-widget-image\" data-id=\"607afc0f\" data-element_type=\"widget\" data-e-type=\"widget\" data-widget_type=\"image.default\">\n\t\t\t\t<div class=\"elementor-widget-container\">\n\t\t\t\t\t\t\t\t\t\t\t\t\t\t\t<img fetchpriority=\"high\" decoding=\"async\" width=\"500\" height=\"500\" src=\"https:\/\/fsmcv.org\/wp-content\/uploads\/2020\/10\/portadaCD2011.jpg\" class=\"attachment-full size-full wp-image-20109\" alt=\"Portada CD 11 Jove Banda Simf\u00f2nica de la FSMCV \/ Temporada 2011\" srcset=\"https:\/\/fsmcv.org\/wp-content\/uploads\/2020\/10\/portadaCD2011.jpg 500w, https:\/\/fsmcv.org\/wp-content\/uploads\/2020\/10\/portadaCD2011-300x300.jpg 300w, https:\/\/fsmcv.org\/wp-content\/uploads\/2020\/10\/portadaCD2011-100x100.jpg 100w\" sizes=\"(max-width: 500px) 100vw, 500px\" title=\"\">\t\t\t\t\t\t\t\t\t\t\t\t\t\t\t<\/div>\n\t\t\t\t<\/div>\n\t\t\t\t<div class=\"elementor-element elementor-element-be15321 elementor-align-center elementor-widget elementor-widget-button\" data-id=\"be15321\" data-element_type=\"widget\" data-e-type=\"widget\" data-widget_type=\"button.default\">\n\t\t\t\t<div class=\"elementor-widget-container\">\n\t\t\t\t\t\t\t\t\t<div class=\"elementor-button-wrapper\">\n\t\t\t\t\t<a class=\"elementor-button elementor-button-link elementor-size-md\" href=\"https:\/\/fsmcv.org\/vl\/tenda\/discos\/jove-banda-simfonica-de-la-fsmcv\/cd-jove-banda-simfonica-de-la-fsmcv-temporada-2011\/\">\n\t\t\t\t\t\t<span class=\"elementor-button-content-wrapper\">\n\t\t\t\t\t\t<span class=\"elementor-button-icon\">\n\t\t\t\t<i aria-hidden=\"true\" class=\"fas fa-arrow-right\"><\/i>\t\t\t<\/span>\n\t\t\t\t\t\t\t\t\t<span class=\"elementor-button-text\">Compra<\/span>\n\t\t\t\t\t<\/span>\n\t\t\t\t\t<\/a>\n\t\t\t\t<\/div>\n\t\t\t\t\t\t\t\t<\/div>\n\t\t\t\t<\/div>\n\t\t\t\t\t<\/div>\n\t\t<\/div>\n\t\t\t\t<div class=\"elementor-column elementor-col-50 elementor-top-column elementor-element elementor-element-1793b104\" data-id=\"1793b104\" data-element_type=\"column\" data-e-type=\"column\">\n\t\t\t<div class=\"elementor-widget-wrap elementor-element-populated\">\n\t\t\t\t\t\t<div class=\"elementor-element elementor-element-10b3b4 elementor-widget elementor-widget-text-editor\" data-id=\"10b3b4\" data-element_type=\"widget\" data-e-type=\"widget\" data-widget_type=\"text-editor.default\">\n\t\t\t\t<div class=\"elementor-widget-container\">\n\t\t\t\t\t\t\t\t\t<p><strong>Director:<\/strong> Jes\u00fas Cantos Plaza<\/p>\n<p><strong>Cont\u00e9:<\/strong><\/p>\n<p>1. Dunia Piris (Pasodoble) de Rafael Talens Pell\u00f3<br \/>2. Siluetes de Manuel Palau Boix<\/p>\n<p>I. Dol\u00e7ainers<br \/>II. Llauradors<br \/>III. Xiquets<\/p>\n<p>3. Gran Fantas\u00eda Espa\u00f1ola de Ricardo Villa Gonz\u00e1lez<br \/>4. Tarde de Abril-Abencerrajes de Amando Blanquer Ponsoda<br \/>5. X\u00faquer de Jos\u00e9 Grau Benedito<\/p>\n<p>I. Andante \u2013 Allegro<br \/>II. Andante religi\u00f3s \u2013 Allegro<\/p>\n<p>6. Centenari de J. Salvador Gonz\u00e1lez Moreno<\/p>\n<p><span style=\"font-weight: bolder;\">Escolta aquest CD en Spotify! <\/span><\/p>\n<p><iframe title=\"Spotify Embed: Jove Banda Simf\u00f2nica de la Federaci\u00f3 de Societats Musicals de la Comunitat Valenciana Temporada 2011 (En Directo)\" width=\"100%\" height=\"380\" frameborder=\"0\" allowfullscreen allow=\"autoplay; clipboard-write; encrypted-media; fullscreen; picture-in-picture\" src=\"https:\/\/open.spotify.com\/embed\/album\/2RnfKIKLF4S459PkuAhENv?si=PyXfdpKkQIGqKkv&utm_source=oembed\"><\/iframe><\/p>\n\t\t\t\t\t\t\t\t<\/div>\n\t\t\t\t<\/div>\n\t\t\t\t\t<\/div>\n\t\t<\/div>\n\t\t\t\t\t<\/div>\n\t\t<\/section>\n\t\t\t\t<\/div>\n\t\t","protected":false},"excerpt":{"rendered":"<p>Compra Director: Jes\u00fas Cantos Plaza Cont\u00e9: 1. Dunia Piris (Pasodoble) de Rafael Talens Pell\u00f32. Siluetes de Manuel Palau Boix I. Dol\u00e7ainersII. LlauradorsIII. Xiquets 3. Gran Fantas\u00eda Espa\u00f1ola de Ricardo Villa Gonz\u00e1lez4. Tarde de Abril-Abencerrajes de Amando Blanquer Ponsoda5. X\u00faquer de Jos\u00e9 Grau Benedito I. Andante \u2013 AllegroII. Andante religi\u00f3s \u2013 Allegro 6. Centenari de J. [&hellip;]<\/p>\n","protected":false},"author":1,"featured_media":20109,"parent":20683,"menu_order":11,"comment_status":"closed","ping_status":"closed","template":"elementor_header_footer","meta":{"footnotes":""},"class_list":["post-20593","page","type-page","status-publish","has-post-thumbnail","hentry"],"_links":{"self":[{"href":"https:\/\/fsmcv.org\/vl\/wp-json\/wp\/v2\/pages\/20593","targetHints":{"allow":["GET"]}}],"collection":[{"href":"https:\/\/fsmcv.org\/vl\/wp-json\/wp\/v2\/pages"}],"about":[{"href":"https:\/\/fsmcv.org\/vl\/wp-json\/wp\/v2\/types\/page"}],"author":[{"embeddable":true,"href":"https:\/\/fsmcv.org\/vl\/wp-json\/wp\/v2\/users\/1"}],"replies":[{"embeddable":true,"href":"https:\/\/fsmcv.org\/vl\/wp-json\/wp\/v2\/comments?post=20593"}],"version-history":[{"count":0,"href":"https:\/\/fsmcv.org\/vl\/wp-json\/wp\/v2\/pages\/20593\/revisions"}],"up":[{"embeddable":true,"href":"https:\/\/fsmcv.org\/vl\/wp-json\/wp\/v2\/pages\/20683"}],"wp:featuredmedia":[{"embeddable":true,"href":"https:\/\/fsmcv.org\/vl\/wp-json\/wp\/v2\/media\/20109"}],"wp:attachment":[{"href":"https:\/\/fsmcv.org\/vl\/wp-json\/wp\/v2\/media?parent=20593"}],"curies":[{"name":"wp","href":"https:\/\/api.w.org\/{rel}","templated":true}]}}

Jove Banda Simfònica de la FSMCV / Temporada 2011

<div data-elementor-type="wp-page" data-elementor-id="20593" class="elementor elementor-20593 elementor-20494" data-elementor-post-type="page">
						<section class="elementor-section elementor-top-section elementor-element elementor-element-3ed84a0b elementor-section-boxed elementor-section-height-default elementor-section-height-default" data-id="3ed84a0b" data-element_type="section" data-e-type="section">
							<div class="elementor-background-overlay"></div>
							<div class="elementor-container elementor-column-gap-default">
					<div class="elementor-column elementor-col-100 elementor-top-column elementor-element elementor-element-3bc97157" data-id="3bc97157" data-element_type="column" data-e-type="column">
			<div class="elementor-widget-wrap elementor-element-populated">
						<div class="elementor-element elementor-element-4a3ab7cb elementor-widget elementor-widget-heading" data-id="4a3ab7cb" data-element_type="widget" data-e-type="widget" data-widget_type="heading.default">
				<div class="elementor-widget-container">
					<h1 class="elementor-heading-title elementor-size-default">Jove Banda Simfònica de la FSMCV / Temporada 2011</h1>				</div>
				</div>
					</div>
		</div>
					</div>
		</section>
				<section class="elementor-section elementor-top-section elementor-element elementor-element-167f8e3a elementor-section-boxed elementor-section-height-default elementor-section-height-default" data-id="167f8e3a" data-element_type="section" data-e-type="section">
						<div class="elementor-container elementor-column-gap-wide">
					<div class="elementor-column elementor-col-50 elementor-top-column elementor-element elementor-element-35f169b0" data-id="35f169b0" data-element_type="column" data-e-type="column">
			<div class="elementor-widget-wrap elementor-element-populated">
						<div class="elementor-element elementor-element-29c7c545 elementor-view-default elementor-position-block-start elementor-mobile-position-block-start elementor-widget elementor-widget-icon-box" data-id="29c7c545" data-element_type="widget" data-e-type="widget" data-widget_type="icon-box.default">
				<div class="elementor-widget-container">
							<div class="elementor-icon-box-wrapper">

						<div class="elementor-icon-box-icon">
				<span  class="elementor-icon">
				<i aria-hidden="true" class="fas fa-compact-disc"></i>				</span>
			</div>
			
						<div class="elementor-icon-box-content">

									<h2 class="elementor-icon-box-title">
						<span  >
							Jove Banda Simfònica de la FSMCV / Temporada 2011						</span>
					</h2>
				
									<p class="elementor-icon-box-description">
						

					</p>
				
			</div>
			
		</div>
						</div>
				</div>
				<div class="elementor-element elementor-element-607afc0f elementor-widget elementor-widget-image" data-id="607afc0f" data-element_type="widget" data-e-type="widget" data-widget_type="image.default">
				<div class="elementor-widget-container">
															<img fetchpriority="high" decoding="async" width="500" height="500" src="https://fsmcv.org/wp-content/uploads/2020/10/portadaCD2011.jpg" class="attachment-full size-full wp-image-20109" alt="Portada CD 11 Jove Banda Simfònica de la FSMCV / Temporada 2011" srcset="https://fsmcv.org/wp-content/uploads/2020/10/portadaCD2011.jpg 500w, https://fsmcv.org/wp-content/uploads/2020/10/portadaCD2011-300x300.jpg 300w, https://fsmcv.org/wp-content/uploads/2020/10/portadaCD2011-100x100.jpg 100w" sizes="(max-width: 500px) 100vw, 500px" title="">															</div>
				</div>
				<div class="elementor-element elementor-element-be15321 elementor-align-center elementor-widget elementor-widget-button" data-id="be15321" data-element_type="widget" data-e-type="widget" data-widget_type="button.default">
				<div class="elementor-widget-container">
									<div class="elementor-button-wrapper">
					<a class="elementor-button elementor-button-link elementor-size-md" href="https://fsmcv.org/vl/tenda/discos/jove-banda-simfonica-de-la-fsmcv/cd-jove-banda-simfonica-de-la-fsmcv-temporada-2011/">
						<span class="elementor-button-content-wrapper">
						<span class="elementor-button-icon">
				<i aria-hidden="true" class="fas fa-arrow-right"></i>			</span>
									<span class="elementor-button-text">Compra</span>
					</span>
					</a>
				</div>
								</div>
				</div>
					</div>
		</div>
				<div class="elementor-column elementor-col-50 elementor-top-column elementor-element elementor-element-1793b104" data-id="1793b104" data-element_type="column" data-e-type="column">
			<div class="elementor-widget-wrap elementor-element-populated">
						<div class="elementor-element elementor-element-10b3b4 elementor-widget elementor-widget-text-editor" data-id="10b3b4" data-element_type="widget" data-e-type="widget" data-widget_type="text-editor.default">
				<div class="elementor-widget-container">
									<p><strong>Director:</strong> Jesús Cantos Plaza</p>
<p><strong>Conté:</strong></p>
<p>1. Dunia Piris (Pasodoble) de Rafael Talens Pelló<br />2. Siluetes de Manuel Palau Boix</p>
<p>I. Dolçainers<br />II. Llauradors<br />III. Xiquets</p>
<p>3. Gran Fantasía Española de Ricardo Villa González<br />4. Tarde de Abril-Abencerrajes de Amando Blanquer Ponsoda<br />5. Xúquer de José Grau Benedito</p>
<p>I. Andante – Allegro<br />II. Andante religiós – Allegro</p>
<p>6. Centenari de J. Salvador González Moreno</p>
<p><span style="font-weight: bolder;">Escolta aquest CD en Spotify! </span></p>
<p><iframe title="Spotify Embed: Jove Banda Simfònica de la Federació de Societats Musicals de la Comunitat Valenciana Temporada 2011 (En Directo)" width="100%" height="380" frameborder="0" allowfullscreen allow="autoplay; clipboard-write; encrypted-media; fullscreen; picture-in-picture" src="https://open.spotify.com/embed/album/2RnfKIKLF4S459PkuAhENv?si=PyXfdpKkQIGqKkv&utm_source=oembed"></iframe></p>
								</div>
				</div>
					</div>
		</div>
					</div>
		</section>
				</div>

<p>Compra Director: Jesús Cantos Plaza Conté: 1. Dunia Piris (Pasodoble) de Rafael Talens Pelló2. Siluetes de Manuel Palau Boix I. DolçainersII. LlauradorsIII. Xiquets 3. Gran Fantasía Española de Ricardo Villa González4. Tarde de Abril-Abencerrajes de Amando Blanquer Ponsoda5. Xúquer de José Grau Benedito I. Andante – AllegroII. Andante religiós – Allegro 6. Centenari de J. [&hellip;]</p>
