{"id":20603,"date":"2020-10-05T07:09:38","date_gmt":"2020-10-05T05:09:38","guid":{"rendered":"https:\/\/fsmcv.org\/cd-13-jove-banda-simfonica-de-la-fsmcv-temporada-2013\/"},"modified":"2023-07-18T17:26:41","modified_gmt":"2023-07-18T15:26:41","slug":"cd-13-jove-banda-simfonica-de-la-fsmcv-temporada-2013","status":"publish","type":"page","link":"https:\/\/fsmcv.org\/vl\/segell-discografic\/cd-13-jove-banda-simfonica-de-la-fsmcv-temporada-2013\/","title":{"rendered":"Jove Banda Simf\u00f2nica de la FSMCV \/ Temporada 2013"},"content":{"rendered":"\t\t<div data-elementor-type=\"wp-page\" data-elementor-id=\"20603\" class=\"elementor elementor-20603 elementor-20483\" data-elementor-post-type=\"page\">\n\t\t\t\t\t\t<section class=\"elementor-section elementor-top-section elementor-element elementor-element-7bb3e4f2 elementor-section-boxed elementor-section-height-default elementor-section-height-default\" data-id=\"7bb3e4f2\" data-element_type=\"section\" data-e-type=\"section\">\n\t\t\t\t\t\t\t<div class=\"elementor-background-overlay\"><\/div>\n\t\t\t\t\t\t\t<div class=\"elementor-container elementor-column-gap-default\">\n\t\t\t\t\t<div class=\"elementor-column elementor-col-100 elementor-top-column elementor-element elementor-element-31eadfbc\" data-id=\"31eadfbc\" data-element_type=\"column\" data-e-type=\"column\">\n\t\t\t<div class=\"elementor-widget-wrap elementor-element-populated\">\n\t\t\t\t\t\t<div class=\"elementor-element elementor-element-315e2dfe elementor-widget elementor-widget-heading\" data-id=\"315e2dfe\" data-element_type=\"widget\" data-e-type=\"widget\" data-widget_type=\"heading.default\">\n\t\t\t\t<div class=\"elementor-widget-container\">\n\t\t\t\t\t<h1 class=\"elementor-heading-title elementor-size-default\">Jove Banda Simf\u00f2nica de la FSMCV \/ Temporada 2013<\/h1>\t\t\t\t<\/div>\n\t\t\t\t<\/div>\n\t\t\t\t\t<\/div>\n\t\t<\/div>\n\t\t\t\t\t<\/div>\n\t\t<\/section>\n\t\t\t\t<section class=\"elementor-section elementor-top-section elementor-element elementor-element-1c331b8 elementor-section-boxed elementor-section-height-default elementor-section-height-default\" data-id=\"1c331b8\" data-element_type=\"section\" data-e-type=\"section\">\n\t\t\t\t\t\t<div class=\"elementor-container elementor-column-gap-wide\">\n\t\t\t\t\t<div class=\"elementor-column elementor-col-50 elementor-top-column elementor-element elementor-element-2fe9189b\" data-id=\"2fe9189b\" data-element_type=\"column\" data-e-type=\"column\">\n\t\t\t<div class=\"elementor-widget-wrap elementor-element-populated\">\n\t\t\t\t\t\t<div class=\"elementor-element elementor-element-2e7e7e24 elementor-view-default elementor-position-block-start elementor-mobile-position-block-start elementor-widget elementor-widget-icon-box\" data-id=\"2e7e7e24\" data-element_type=\"widget\" data-e-type=\"widget\" data-widget_type=\"icon-box.default\">\n\t\t\t\t<div class=\"elementor-widget-container\">\n\t\t\t\t\t\t\t<div class=\"elementor-icon-box-wrapper\">\n\n\t\t\t\t\t\t<div class=\"elementor-icon-box-icon\">\n\t\t\t\t<span  class=\"elementor-icon\">\n\t\t\t\t<i aria-hidden=\"true\" class=\"fas fa-compact-disc\"><\/i>\t\t\t\t<\/span>\n\t\t\t<\/div>\n\t\t\t\n\t\t\t\t\t\t<div class=\"elementor-icon-box-content\">\n\n\t\t\t\t\t\t\t\t\t<h2 class=\"elementor-icon-box-title\">\n\t\t\t\t\t\t<span  >\n\t\t\t\t\t\t\tJove Banda Simf\u00f2nica de la FSMCV \/ Temporada 2013\t\t\t\t\t\t<\/span>\n\t\t\t\t\t<\/h2>\n\t\t\t\t\n\t\t\t\t\t\t\t\t\t<p class=\"elementor-icon-box-description\">\n\t\t\t\t\t\t\n\n\t\t\t\t\t<\/p>\n\t\t\t\t\n\t\t\t<\/div>\n\t\t\t\n\t\t<\/div>\n\t\t\t\t\t\t<\/div>\n\t\t\t\t<\/div>\n\t\t\t\t<div class=\"elementor-element elementor-element-6953aa51 elementor-widget elementor-widget-image\" data-id=\"6953aa51\" data-element_type=\"widget\" data-e-type=\"widget\" data-widget_type=\"image.default\">\n\t\t\t\t<div class=\"elementor-widget-container\">\n\t\t\t\t\t\t\t\t\t\t\t\t\t\t\t<img fetchpriority=\"high\" decoding=\"async\" width=\"500\" height=\"500\" src=\"https:\/\/fsmcv.org\/wp-content\/uploads\/2020\/10\/portadaCD2013.jpg\" class=\"attachment-full size-full wp-image-20105\" alt=\"Portada CD 13 Jove Banda Simf\u00f2nica de la FSMCV \/ Temporada 2013\" srcset=\"https:\/\/fsmcv.org\/wp-content\/uploads\/2020\/10\/portadaCD2013.jpg 500w, https:\/\/fsmcv.org\/wp-content\/uploads\/2020\/10\/portadaCD2013-300x300.jpg 300w, https:\/\/fsmcv.org\/wp-content\/uploads\/2020\/10\/portadaCD2013-100x100.jpg 100w\" sizes=\"(max-width: 500px) 100vw, 500px\" title=\"\">\t\t\t\t\t\t\t\t\t\t\t\t\t\t\t<\/div>\n\t\t\t\t<\/div>\n\t\t\t\t\t<\/div>\n\t\t<\/div>\n\t\t\t\t<div class=\"elementor-column elementor-col-50 elementor-top-column elementor-element elementor-element-1a62e912\" data-id=\"1a62e912\" data-element_type=\"column\" data-e-type=\"column\">\n\t\t\t<div class=\"elementor-widget-wrap elementor-element-populated\">\n\t\t\t\t\t\t<div class=\"elementor-element elementor-element-1e78741d elementor-widget elementor-widget-text-editor\" data-id=\"1e78741d\" data-element_type=\"widget\" data-e-type=\"widget\" data-widget_type=\"text-editor.default\">\n\t\t\t\t<div class=\"elementor-widget-container\">\n\t\t\t\t\t\t\t\t\t<p><strong>Director:<\/strong> Rafael Garrig\u00f3s Garc\u00eda<\/p>\n<p><strong>Cont\u00e9:<\/strong><\/p>\n<p>1. Los Barbas (pasodoble) de Ferrer Ferran<br \/>2. Estructuras Sinf\u00f3nicas de B. Adam Ferrero<br \/>3. Bestiarium (Suite for Symphonic Band)<br \/>Tirannosaurus Rex de Ferrer Ferran<br \/>Charlie, el Camale\u00f3n de Luis Serrano Alarc\u00f3n<br \/>La Mosca de Oscar Navarro<br \/>4. Any d\u2019Alferes (marcha mora) de Amando Blanquer<br \/>5. Danzas Alicantinas de B. Adam Ferrero<\/p>\n<p>I Ja te n\u2019has anat<br \/>II Baile de ceremonia<br \/>III Du\u00e9rmete, mi ni\u00f1a<br \/>IV Una huela y un huelo<br \/>V Jota de Ibi-Castalla<\/p>\n<p>6. Villener\u00edas (pasodoble) de Pedro J. Franc\u00e9s Sanju\u00e1n<br \/>7. Portillo Andaluz de Juan M. Molina Mill\u00e1<\/p>\n<p>I Evocando<br \/>II En el tablao<br \/>III Zapateado<\/p>\n<p>8. Tico Tico de Zequinha Abreu \u2013 Arr: Naohiro Iwai<\/p>\n<p><span style=\"font-weight: bolder;\">Escolta aquest CD en Spotify! <\/span><\/p>\n<p><iframe title=\"Spotify Embed: Jove Banda Simf\u00f2nica de la Federaci\u00f3 de Societats Musicals de la Comunitat Valenciana Temporada 2013 (En Directo)\" width=\"100%\" height=\"380\" frameborder=\"0\" allowfullscreen allow=\"autoplay; clipboard-write; encrypted-media; fullscreen; picture-in-picture\" src=\"https:\/\/open.spotify.com\/embed\/album\/5SR6EnLlrr1n52lKoiRQT9?si=Xgi9zK4ORDGVgkhrgnfwzQ&dl_branch=1&utm_source=oembed\"><\/iframe><\/p>\n\t\t\t\t\t\t\t\t<\/div>\n\t\t\t\t<\/div>\n\t\t\t\t<div class=\"elementor-element elementor-element-97e371a elementor-align-center elementor-widget elementor-widget-button\" data-id=\"97e371a\" data-element_type=\"widget\" data-e-type=\"widget\" data-widget_type=\"button.default\">\n\t\t\t\t<div class=\"elementor-widget-container\">\n\t\t\t\t\t\t\t\t\t<div class=\"elementor-button-wrapper\">\n\t\t\t\t\t<a class=\"elementor-button elementor-button-link elementor-size-md\" href=\"https:\/\/fsmcv.org\/vl\/tenda\/discos\/jove-banda-simfonica-de-la-fsmcv\/cd-jove-banda-simfonica-de-la-fsmcv-temporada-2013\/\">\n\t\t\t\t\t\t<span class=\"elementor-button-content-wrapper\">\n\t\t\t\t\t\t<span class=\"elementor-button-icon\">\n\t\t\t\t<i aria-hidden=\"true\" class=\"fas fa-arrow-right\"><\/i>\t\t\t<\/span>\n\t\t\t\t\t\t\t\t\t<span class=\"elementor-button-text\">Compra<\/span>\n\t\t\t\t\t<\/span>\n\t\t\t\t\t<\/a>\n\t\t\t\t<\/div>\n\t\t\t\t\t\t\t\t<\/div>\n\t\t\t\t<\/div>\n\t\t\t\t\t<\/div>\n\t\t<\/div>\n\t\t\t\t\t<\/div>\n\t\t<\/section>\n\t\t\t\t<\/div>\n\t\t","protected":false},"excerpt":{"rendered":"<p>Director: Rafael Garrig\u00f3s Garc\u00eda Cont\u00e9: 1. Los Barbas (pasodoble) de Ferrer Ferran2. Estructuras Sinf\u00f3nicas de B. Adam Ferrero3. Bestiarium (Suite for Symphonic Band)Tirannosaurus Rex de Ferrer FerranCharlie, el Camale\u00f3n de Luis Serrano Alarc\u00f3nLa Mosca de Oscar Navarro4. Any d\u2019Alferes (marcha mora) de Amando Blanquer5. Danzas Alicantinas de B. Adam Ferrero I Ja te n\u2019has anatII [&hellip;]<\/p>\n","protected":false},"author":1,"featured_media":20105,"parent":20683,"menu_order":13,"comment_status":"closed","ping_status":"closed","template":"elementor_header_footer","meta":{"footnotes":""},"class_list":["post-20603","page","type-page","status-publish","has-post-thumbnail","hentry"],"_links":{"self":[{"href":"https:\/\/fsmcv.org\/vl\/wp-json\/wp\/v2\/pages\/20603","targetHints":{"allow":["GET"]}}],"collection":[{"href":"https:\/\/fsmcv.org\/vl\/wp-json\/wp\/v2\/pages"}],"about":[{"href":"https:\/\/fsmcv.org\/vl\/wp-json\/wp\/v2\/types\/page"}],"author":[{"embeddable":true,"href":"https:\/\/fsmcv.org\/vl\/wp-json\/wp\/v2\/users\/1"}],"replies":[{"embeddable":true,"href":"https:\/\/fsmcv.org\/vl\/wp-json\/wp\/v2\/comments?post=20603"}],"version-history":[{"count":0,"href":"https:\/\/fsmcv.org\/vl\/wp-json\/wp\/v2\/pages\/20603\/revisions"}],"up":[{"embeddable":true,"href":"https:\/\/fsmcv.org\/vl\/wp-json\/wp\/v2\/pages\/20683"}],"wp:featuredmedia":[{"embeddable":true,"href":"https:\/\/fsmcv.org\/vl\/wp-json\/wp\/v2\/media\/20105"}],"wp:attachment":[{"href":"https:\/\/fsmcv.org\/vl\/wp-json\/wp\/v2\/media?parent=20603"}],"curies":[{"name":"wp","href":"https:\/\/api.w.org\/{rel}","templated":true}]}}

Jove Banda Simfònica de la FSMCV / Temporada 2013

<div data-elementor-type="wp-page" data-elementor-id="20603" class="elementor elementor-20603 elementor-20483" data-elementor-post-type="page">
						<section class="elementor-section elementor-top-section elementor-element elementor-element-7bb3e4f2 elementor-section-boxed elementor-section-height-default elementor-section-height-default" data-id="7bb3e4f2" data-element_type="section" data-e-type="section">
							<div class="elementor-background-overlay"></div>
							<div class="elementor-container elementor-column-gap-default">
					<div class="elementor-column elementor-col-100 elementor-top-column elementor-element elementor-element-31eadfbc" data-id="31eadfbc" data-element_type="column" data-e-type="column">
			<div class="elementor-widget-wrap elementor-element-populated">
						<div class="elementor-element elementor-element-315e2dfe elementor-widget elementor-widget-heading" data-id="315e2dfe" data-element_type="widget" data-e-type="widget" data-widget_type="heading.default">
				<div class="elementor-widget-container">
					<h1 class="elementor-heading-title elementor-size-default">Jove Banda Simfònica de la FSMCV / Temporada 2013</h1>				</div>
				</div>
					</div>
		</div>
					</div>
		</section>
				<section class="elementor-section elementor-top-section elementor-element elementor-element-1c331b8 elementor-section-boxed elementor-section-height-default elementor-section-height-default" data-id="1c331b8" data-element_type="section" data-e-type="section">
						<div class="elementor-container elementor-column-gap-wide">
					<div class="elementor-column elementor-col-50 elementor-top-column elementor-element elementor-element-2fe9189b" data-id="2fe9189b" data-element_type="column" data-e-type="column">
			<div class="elementor-widget-wrap elementor-element-populated">
						<div class="elementor-element elementor-element-2e7e7e24 elementor-view-default elementor-position-block-start elementor-mobile-position-block-start elementor-widget elementor-widget-icon-box" data-id="2e7e7e24" data-element_type="widget" data-e-type="widget" data-widget_type="icon-box.default">
				<div class="elementor-widget-container">
							<div class="elementor-icon-box-wrapper">

						<div class="elementor-icon-box-icon">
				<span  class="elementor-icon">
				<i aria-hidden="true" class="fas fa-compact-disc"></i>				</span>
			</div>
			
						<div class="elementor-icon-box-content">

									<h2 class="elementor-icon-box-title">
						<span  >
							Jove Banda Simfònica de la FSMCV / Temporada 2013						</span>
					</h2>
				
									<p class="elementor-icon-box-description">
						

					</p>
				
			</div>
			
		</div>
						</div>
				</div>
				<div class="elementor-element elementor-element-6953aa51 elementor-widget elementor-widget-image" data-id="6953aa51" data-element_type="widget" data-e-type="widget" data-widget_type="image.default">
				<div class="elementor-widget-container">
															<img fetchpriority="high" decoding="async" width="500" height="500" src="https://fsmcv.org/wp-content/uploads/2020/10/portadaCD2013.jpg" class="attachment-full size-full wp-image-20105" alt="Portada CD 13 Jove Banda Simfònica de la FSMCV / Temporada 2013" srcset="https://fsmcv.org/wp-content/uploads/2020/10/portadaCD2013.jpg 500w, https://fsmcv.org/wp-content/uploads/2020/10/portadaCD2013-300x300.jpg 300w, https://fsmcv.org/wp-content/uploads/2020/10/portadaCD2013-100x100.jpg 100w" sizes="(max-width: 500px) 100vw, 500px" title="">															</div>
				</div>
					</div>
		</div>
				<div class="elementor-column elementor-col-50 elementor-top-column elementor-element elementor-element-1a62e912" data-id="1a62e912" data-element_type="column" data-e-type="column">
			<div class="elementor-widget-wrap elementor-element-populated">
						<div class="elementor-element elementor-element-1e78741d elementor-widget elementor-widget-text-editor" data-id="1e78741d" data-element_type="widget" data-e-type="widget" data-widget_type="text-editor.default">
				<div class="elementor-widget-container">
									<p><strong>Director:</strong> Rafael Garrigós García</p>
<p><strong>Conté:</strong></p>
<p>1. Los Barbas (pasodoble) de Ferrer Ferran<br />2. Estructuras Sinfónicas de B. Adam Ferrero<br />3. Bestiarium (Suite for Symphonic Band)<br />Tirannosaurus Rex de Ferrer Ferran<br />Charlie, el Camaleón de Luis Serrano Alarcón<br />La Mosca de Oscar Navarro<br />4. Any d’Alferes (marcha mora) de Amando Blanquer<br />5. Danzas Alicantinas de B. Adam Ferrero</p>
<p>I Ja te n’has anat<br />II Baile de ceremonia<br />III Duérmete, mi niña<br />IV Una huela y un huelo<br />V Jota de Ibi-Castalla</p>
<p>6. Villenerías (pasodoble) de Pedro J. Francés Sanjuán<br />7. Portillo Andaluz de Juan M. Molina Millá</p>
<p>I Evocando<br />II En el tablao<br />III Zapateado</p>
<p>8. Tico Tico de Zequinha Abreu – Arr: Naohiro Iwai</p>
<p><span style="font-weight: bolder;">Escolta aquest CD en Spotify! </span></p>
<p><iframe title="Spotify Embed: Jove Banda Simfònica de la Federació de Societats Musicals de la Comunitat Valenciana Temporada 2013 (En Directo)" width="100%" height="380" frameborder="0" allowfullscreen allow="autoplay; clipboard-write; encrypted-media; fullscreen; picture-in-picture" src="https://open.spotify.com/embed/album/5SR6EnLlrr1n52lKoiRQT9?si=Xgi9zK4ORDGVgkhrgnfwzQ&dl_branch=1&utm_source=oembed"></iframe></p>
								</div>
				</div>
				<div class="elementor-element elementor-element-97e371a elementor-align-center elementor-widget elementor-widget-button" data-id="97e371a" data-element_type="widget" data-e-type="widget" data-widget_type="button.default">
				<div class="elementor-widget-container">
									<div class="elementor-button-wrapper">
					<a class="elementor-button elementor-button-link elementor-size-md" href="https://fsmcv.org/vl/tenda/discos/jove-banda-simfonica-de-la-fsmcv/cd-jove-banda-simfonica-de-la-fsmcv-temporada-2013/">
						<span class="elementor-button-content-wrapper">
						<span class="elementor-button-icon">
				<i aria-hidden="true" class="fas fa-arrow-right"></i>			</span>
									<span class="elementor-button-text">Compra</span>
					</span>
					</a>
				</div>
								</div>
				</div>
					</div>
		</div>
					</div>
		</section>
				</div>

<p>Director: Rafael Garrigós García Conté: 1. Los Barbas (pasodoble) de Ferrer Ferran2. Estructuras Sinfónicas de B. Adam Ferrero3. Bestiarium (Suite for Symphonic Band)Tirannosaurus Rex de Ferrer FerranCharlie, el Camaleón de Luis Serrano AlarcónLa Mosca de Oscar Navarro4. Any d’Alferes (marcha mora) de Amando Blanquer5. Danzas Alicantinas de B. Adam Ferrero I Ja te n’has anatII [&hellip;]</p>
