{"id":20627,"date":"2020-10-05T06:46:08","date_gmt":"2020-10-05T04:46:08","guid":{"rendered":"https:\/\/fsmcv.org\/cd-16-miraculum-unio-musical-de-muro\/"},"modified":"2021-10-11T18:56:08","modified_gmt":"2021-10-11T16:56:08","slug":"cd-16-miraculum-unio-musical-de-muro","status":"publish","type":"page","link":"https:\/\/fsmcv.org\/vl\/segell-discografic\/cd-16-miraculum-unio-musical-de-muro\/","title":{"rendered":"MIRACULUM \/ Uni\u00f3 Musical de Muro"},"content":{"rendered":"\t\t<div data-elementor-type=\"wp-page\" data-elementor-id=\"20627\" class=\"elementor elementor-20627 elementor-20456\" data-elementor-post-type=\"page\">\n\t\t\t\t\t\t<section class=\"elementor-section elementor-top-section elementor-element elementor-element-16d2f8c6 elementor-section-boxed elementor-section-height-default elementor-section-height-default\" data-id=\"16d2f8c6\" data-element_type=\"section\" data-e-type=\"section\">\n\t\t\t\t\t\t\t<div class=\"elementor-background-overlay\"><\/div>\n\t\t\t\t\t\t\t<div class=\"elementor-container elementor-column-gap-default\">\n\t\t\t\t\t<div class=\"elementor-column elementor-col-100 elementor-top-column elementor-element elementor-element-394210e7\" data-id=\"394210e7\" data-element_type=\"column\" data-e-type=\"column\">\n\t\t\t<div class=\"elementor-widget-wrap elementor-element-populated\">\n\t\t\t\t\t\t<div class=\"elementor-element elementor-element-12fc585 elementor-widget elementor-widget-heading\" data-id=\"12fc585\" data-element_type=\"widget\" data-e-type=\"widget\" data-widget_type=\"heading.default\">\n\t\t\t\t<div class=\"elementor-widget-container\">\n\t\t\t\t\t<h1 class=\"elementor-heading-title elementor-size-default\">MIRACULUM \/ Uni\u00f3 Musical de Muro<\/h1>\t\t\t\t<\/div>\n\t\t\t\t<\/div>\n\t\t\t\t\t<\/div>\n\t\t<\/div>\n\t\t\t\t\t<\/div>\n\t\t<\/section>\n\t\t\t\t<section class=\"elementor-section elementor-top-section elementor-element elementor-element-78755a4a elementor-section-boxed elementor-section-height-default elementor-section-height-default\" data-id=\"78755a4a\" data-element_type=\"section\" data-e-type=\"section\">\n\t\t\t\t\t\t<div class=\"elementor-container elementor-column-gap-wide\">\n\t\t\t\t\t<div class=\"elementor-column elementor-col-50 elementor-top-column elementor-element elementor-element-65cdda04\" data-id=\"65cdda04\" data-element_type=\"column\" data-e-type=\"column\">\n\t\t\t<div class=\"elementor-widget-wrap elementor-element-populated\">\n\t\t\t\t\t\t<div class=\"elementor-element elementor-element-74b29115 elementor-view-default elementor-position-block-start elementor-mobile-position-block-start elementor-widget elementor-widget-icon-box\" data-id=\"74b29115\" data-element_type=\"widget\" data-e-type=\"widget\" data-widget_type=\"icon-box.default\">\n\t\t\t\t<div class=\"elementor-widget-container\">\n\t\t\t\t\t\t\t<div class=\"elementor-icon-box-wrapper\">\n\n\t\t\t\t\t\t<div class=\"elementor-icon-box-icon\">\n\t\t\t\t<span  class=\"elementor-icon\">\n\t\t\t\t<i aria-hidden=\"true\" class=\"fas fa-compact-disc\"><\/i>\t\t\t\t<\/span>\n\t\t\t<\/div>\n\t\t\t\n\t\t\t\t\t\t<div class=\"elementor-icon-box-content\">\n\n\t\t\t\t\t\t\t\t\t<h2 class=\"elementor-icon-box-title\">\n\t\t\t\t\t\t<span  >\n\t\t\t\t\t\t\tMIRACULUM \/ Uni\u00f3 Musical de Muro\t\t\t\t\t\t<\/span>\n\t\t\t\t\t<\/h2>\n\t\t\t\t\n\t\t\t\t\t\t\t\t\t<p class=\"elementor-icon-box-description\">\n\t\t\t\t\t\t\n\n\t\t\t\t\t<\/p>\n\t\t\t\t\n\t\t\t<\/div>\n\t\t\t\n\t\t<\/div>\n\t\t\t\t\t\t<\/div>\n\t\t\t\t<\/div>\n\t\t\t\t<div class=\"elementor-element elementor-element-20bf6108 elementor-widget elementor-widget-image\" data-id=\"20bf6108\" data-element_type=\"widget\" data-e-type=\"widget\" data-widget_type=\"image.default\">\n\t\t\t\t<div class=\"elementor-widget-container\">\n\t\t\t\t\t\t\t\t\t\t\t\t\t\t\t<img fetchpriority=\"high\" decoding=\"async\" width=\"500\" height=\"500\" src=\"https:\/\/fsmcv.org\/wp-content\/uploads\/2020\/10\/CD-16-MIRACULUM.jpg\" class=\"attachment-full size-full wp-image-20095\" alt=\"Portada CD 16 MIRACULUM\/ Uni\u00f3n Musical de Muro\" srcset=\"https:\/\/fsmcv.org\/wp-content\/uploads\/2020\/10\/CD-16-MIRACULUM.jpg 500w, https:\/\/fsmcv.org\/wp-content\/uploads\/2020\/10\/CD-16-MIRACULUM-300x300.jpg 300w, https:\/\/fsmcv.org\/wp-content\/uploads\/2020\/10\/CD-16-MIRACULUM-100x100.jpg 100w\" sizes=\"(max-width: 500px) 100vw, 500px\" title=\"\">\t\t\t\t\t\t\t\t\t\t\t\t\t\t\t<\/div>\n\t\t\t\t<\/div>\n\t\t\t\t<div class=\"elementor-element elementor-element-37984ae1 elementor-align-center elementor-widget elementor-widget-button\" data-id=\"37984ae1\" data-element_type=\"widget\" data-e-type=\"widget\" data-widget_type=\"button.default\">\n\t\t\t\t<div class=\"elementor-widget-container\">\n\t\t\t\t\t\t\t\t\t<div class=\"elementor-button-wrapper\">\n\t\t\t\t\t<a class=\"elementor-button elementor-button-link elementor-size-md\" href=\"https:\/\/fsmcv.org\/vl\/segell-discografic\/\">\n\t\t\t\t\t\t<span class=\"elementor-button-content-wrapper\">\n\t\t\t\t\t\t<span class=\"elementor-button-icon\">\n\t\t\t\t<i aria-hidden=\"true\" class=\"fas fa-arrow-right\"><\/i>\t\t\t<\/span>\n\t\t\t\t\t\t\t\t\t<span class=\"elementor-button-text\">Segell discogr\u00e0fic<\/span>\n\t\t\t\t\t<\/span>\n\t\t\t\t\t<\/a>\n\t\t\t\t<\/div>\n\t\t\t\t\t\t\t\t<\/div>\n\t\t\t\t<\/div>\n\t\t\t\t\t<\/div>\n\t\t<\/div>\n\t\t\t\t<div class=\"elementor-column elementor-col-50 elementor-top-column elementor-element elementor-element-133ced7\" data-id=\"133ced7\" data-element_type=\"column\" data-e-type=\"column\">\n\t\t\t<div class=\"elementor-widget-wrap elementor-element-populated\">\n\t\t\t\t\t\t<div class=\"elementor-element elementor-element-60eb805e elementor-widget elementor-widget-text-editor\" data-id=\"60eb805e\" data-element_type=\"widget\" data-e-type=\"widget\" data-widget_type=\"text-editor.default\">\n\t\t\t\t<div class=\"elementor-widget-container\">\n\t\t\t\t\t\t\t\t\t<p>Director: Rafael Garc\u00eda Vidal.<\/p>\n<p>Cont\u00e9: 1er Premi 1\u00aa Secci\u00f3 130 Edici\u00f3 CIBM<\/p>\n<p>1. BRISAS DE MARIOLA de Francisco Esteve Pastor<br \/>2. IL CANTICO de Oliver Waespi<br \/>3. A MI MURO de Francisco Esteve Pastor<br \/>4. SYNKRETISMOS de Jef Penders<br \/>5. MIRACULUM de Francisco Esteve Pastor<\/p>\n<p><strong>\u00a1Escolta aquest CD en Spotify!<\/strong><\/p>\n<p><iframe title=\"Spotify Embed: Miraculum (En Directo)\" width=\"100%\" height=\"380\" frameborder=\"0\" allowfullscreen allow=\"autoplay; clipboard-write; encrypted-media; fullscreen; picture-in-picture\" src=\"https:\/\/open.spotify.com\/embed\/album\/2FWpBVT1q0Kr7b7Ae4bAXr?si=9-ylp8XqR_CMeadYNksMFQ&dl_branch=1\"><\/iframe><\/p>\n\t\t\t\t\t\t\t\t<\/div>\n\t\t\t\t<\/div>\n\t\t\t\t\t<\/div>\n\t\t<\/div>\n\t\t\t\t\t<\/div>\n\t\t<\/section>\n\t\t\t\t<\/div>\n\t\t","protected":false},"excerpt":{"rendered":"<p>Segell discogr\u00e0fic Director: Rafael Garc\u00eda Vidal. Cont\u00e9: 1er Premi 1\u00aa Secci\u00f3 130 Edici\u00f3 CIBM 1. BRISAS DE MARIOLA de Francisco Esteve Pastor2. IL CANTICO de Oliver Waespi3. A MI MURO de Francisco Esteve Pastor4. SYNKRETISMOS de Jef Penders5. MIRACULUM de Francisco Esteve Pastor \u00a1Escolta aquest CD en Spotify!<\/p>\n","protected":false},"author":1,"featured_media":20095,"parent":20683,"menu_order":16,"comment_status":"closed","ping_status":"closed","template":"elementor_header_footer","meta":{"footnotes":""},"class_list":["post-20627","page","type-page","status-publish","has-post-thumbnail","hentry"],"_links":{"self":[{"href":"https:\/\/fsmcv.org\/vl\/wp-json\/wp\/v2\/pages\/20627","targetHints":{"allow":["GET"]}}],"collection":[{"href":"https:\/\/fsmcv.org\/vl\/wp-json\/wp\/v2\/pages"}],"about":[{"href":"https:\/\/fsmcv.org\/vl\/wp-json\/wp\/v2\/types\/page"}],"author":[{"embeddable":true,"href":"https:\/\/fsmcv.org\/vl\/wp-json\/wp\/v2\/users\/1"}],"replies":[{"embeddable":true,"href":"https:\/\/fsmcv.org\/vl\/wp-json\/wp\/v2\/comments?post=20627"}],"version-history":[{"count":0,"href":"https:\/\/fsmcv.org\/vl\/wp-json\/wp\/v2\/pages\/20627\/revisions"}],"up":[{"embeddable":true,"href":"https:\/\/fsmcv.org\/vl\/wp-json\/wp\/v2\/pages\/20683"}],"wp:featuredmedia":[{"embeddable":true,"href":"https:\/\/fsmcv.org\/vl\/wp-json\/wp\/v2\/media\/20095"}],"wp:attachment":[{"href":"https:\/\/fsmcv.org\/vl\/wp-json\/wp\/v2\/media?parent=20627"}],"curies":[{"name":"wp","href":"https:\/\/api.w.org\/{rel}","templated":true}]}}

MIRACULUM / Unió Musical de Muro

<div data-elementor-type="wp-page" data-elementor-id="20627" class="elementor elementor-20627 elementor-20456" data-elementor-post-type="page">
						<section class="elementor-section elementor-top-section elementor-element elementor-element-16d2f8c6 elementor-section-boxed elementor-section-height-default elementor-section-height-default" data-id="16d2f8c6" data-element_type="section" data-e-type="section">
							<div class="elementor-background-overlay"></div>
							<div class="elementor-container elementor-column-gap-default">
					<div class="elementor-column elementor-col-100 elementor-top-column elementor-element elementor-element-394210e7" data-id="394210e7" data-element_type="column" data-e-type="column">
			<div class="elementor-widget-wrap elementor-element-populated">
						<div class="elementor-element elementor-element-12fc585 elementor-widget elementor-widget-heading" data-id="12fc585" data-element_type="widget" data-e-type="widget" data-widget_type="heading.default">
				<div class="elementor-widget-container">
					<h1 class="elementor-heading-title elementor-size-default">MIRACULUM / Unió Musical de Muro</h1>				</div>
				</div>
					</div>
		</div>
					</div>
		</section>
				<section class="elementor-section elementor-top-section elementor-element elementor-element-78755a4a elementor-section-boxed elementor-section-height-default elementor-section-height-default" data-id="78755a4a" data-element_type="section" data-e-type="section">
						<div class="elementor-container elementor-column-gap-wide">
					<div class="elementor-column elementor-col-50 elementor-top-column elementor-element elementor-element-65cdda04" data-id="65cdda04" data-element_type="column" data-e-type="column">
			<div class="elementor-widget-wrap elementor-element-populated">
						<div class="elementor-element elementor-element-74b29115 elementor-view-default elementor-position-block-start elementor-mobile-position-block-start elementor-widget elementor-widget-icon-box" data-id="74b29115" data-element_type="widget" data-e-type="widget" data-widget_type="icon-box.default">
				<div class="elementor-widget-container">
							<div class="elementor-icon-box-wrapper">

						<div class="elementor-icon-box-icon">
				<span  class="elementor-icon">
				<i aria-hidden="true" class="fas fa-compact-disc"></i>				</span>
			</div>
			
						<div class="elementor-icon-box-content">

									<h2 class="elementor-icon-box-title">
						<span  >
							MIRACULUM / Unió Musical de Muro						</span>
					</h2>
				
									<p class="elementor-icon-box-description">
						

					</p>
				
			</div>
			
		</div>
						</div>
				</div>
				<div class="elementor-element elementor-element-20bf6108 elementor-widget elementor-widget-image" data-id="20bf6108" data-element_type="widget" data-e-type="widget" data-widget_type="image.default">
				<div class="elementor-widget-container">
															<img fetchpriority="high" decoding="async" width="500" height="500" src="https://fsmcv.org/wp-content/uploads/2020/10/CD-16-MIRACULUM.jpg" class="attachment-full size-full wp-image-20095" alt="Portada CD 16 MIRACULUM/ Unión Musical de Muro" srcset="https://fsmcv.org/wp-content/uploads/2020/10/CD-16-MIRACULUM.jpg 500w, https://fsmcv.org/wp-content/uploads/2020/10/CD-16-MIRACULUM-300x300.jpg 300w, https://fsmcv.org/wp-content/uploads/2020/10/CD-16-MIRACULUM-100x100.jpg 100w" sizes="(max-width: 500px) 100vw, 500px" title="">															</div>
				</div>
				<div class="elementor-element elementor-element-37984ae1 elementor-align-center elementor-widget elementor-widget-button" data-id="37984ae1" data-element_type="widget" data-e-type="widget" data-widget_type="button.default">
				<div class="elementor-widget-container">
									<div class="elementor-button-wrapper">
					<a class="elementor-button elementor-button-link elementor-size-md" href="https://fsmcv.org/vl/segell-discografic/">
						<span class="elementor-button-content-wrapper">
						<span class="elementor-button-icon">
				<i aria-hidden="true" class="fas fa-arrow-right"></i>			</span>
									<span class="elementor-button-text">Segell discogràfic</span>
					</span>
					</a>
				</div>
								</div>
				</div>
					</div>
		</div>
				<div class="elementor-column elementor-col-50 elementor-top-column elementor-element elementor-element-133ced7" data-id="133ced7" data-element_type="column" data-e-type="column">
			<div class="elementor-widget-wrap elementor-element-populated">
						<div class="elementor-element elementor-element-60eb805e elementor-widget elementor-widget-text-editor" data-id="60eb805e" data-element_type="widget" data-e-type="widget" data-widget_type="text-editor.default">
				<div class="elementor-widget-container">
									<p>Director: Rafael García Vidal.</p>
<p>Conté: 1er Premi 1ª Secció 130 Edició CIBM</p>
<p>1. BRISAS DE MARIOLA de Francisco Esteve Pastor<br />2. IL CANTICO de Oliver Waespi<br />3. A MI MURO de Francisco Esteve Pastor<br />4. SYNKRETISMOS de Jef Penders<br />5. MIRACULUM de Francisco Esteve Pastor</p>
<p><strong>¡Escolta aquest CD en Spotify!</strong></p>
<p><iframe title="Spotify Embed: Miraculum (En Directo)" width="100%" height="380" frameborder="0" allowfullscreen allow="autoplay; clipboard-write; encrypted-media; fullscreen; picture-in-picture" src="https://open.spotify.com/embed/album/2FWpBVT1q0Kr7b7Ae4bAXr?si=9-ylp8XqR_CMeadYNksMFQ&dl_branch=1"></iframe></p>
								</div>
				</div>
					</div>
		</div>
					</div>
		</section>
				</div>

<p>Segell discogràfic Director: Rafael García Vidal. Conté: 1er Premi 1ª Secció 130 Edició CIBM 1. BRISAS DE MARIOLA de Francisco Esteve Pastor2. IL CANTICO de Oliver Waespi3. A MI MURO de Francisco Esteve Pastor4. SYNKRETISMOS de Jef Penders5. MIRACULUM de Francisco Esteve Pastor ¡Escolta aquest CD en Spotify!</p>
