{"id":20649,"date":"2020-10-05T06:18:14","date_gmt":"2020-10-05T04:18:14","guid":{"rendered":"https:\/\/fsmcv.org\/cd-21-mediterranew-musix-comunitat-valenciana\/"},"modified":"2023-07-18T17:26:01","modified_gmt":"2023-07-18T15:26:01","slug":"cd-21-mediterranew-musix-comunitat-valenciana","status":"publish","type":"page","link":"https:\/\/fsmcv.org\/vl\/segell-discografic\/cd-21-mediterranew-musix-comunitat-valenciana\/","title":{"rendered":"Mediterranew Musix \u2013 Comunitat Valenciana"},"content":{"rendered":"\t\t<div data-elementor-type=\"wp-page\" data-elementor-id=\"20649\" class=\"elementor elementor-20649 elementor-20429\" data-elementor-post-type=\"page\">\n\t\t\t\t\t\t<section class=\"elementor-section elementor-top-section elementor-element elementor-element-5daf16b7 elementor-section-boxed elementor-section-height-default elementor-section-height-default\" data-id=\"5daf16b7\" data-element_type=\"section\" data-e-type=\"section\">\n\t\t\t\t\t\t\t<div class=\"elementor-background-overlay\"><\/div>\n\t\t\t\t\t\t\t<div class=\"elementor-container elementor-column-gap-default\">\n\t\t\t\t\t<div class=\"elementor-column elementor-col-100 elementor-top-column elementor-element elementor-element-4c8f4b70\" data-id=\"4c8f4b70\" data-element_type=\"column\" data-e-type=\"column\">\n\t\t\t<div class=\"elementor-widget-wrap elementor-element-populated\">\n\t\t\t\t\t\t<div class=\"elementor-element elementor-element-4440a48e elementor-widget elementor-widget-heading\" data-id=\"4440a48e\" data-element_type=\"widget\" data-e-type=\"widget\" data-widget_type=\"heading.default\">\n\t\t\t\t<div class=\"elementor-widget-container\">\n\t\t\t\t\t<h1 class=\"elementor-heading-title elementor-size-default\">Mediterranew Musix \u2013 Comunitat Valenciana<\/h1>\t\t\t\t<\/div>\n\t\t\t\t<\/div>\n\t\t\t\t\t<\/div>\n\t\t<\/div>\n\t\t\t\t\t<\/div>\n\t\t<\/section>\n\t\t\t\t<section class=\"elementor-section elementor-top-section elementor-element elementor-element-24295a34 elementor-section-boxed elementor-section-height-default elementor-section-height-default\" data-id=\"24295a34\" data-element_type=\"section\" data-e-type=\"section\">\n\t\t\t\t\t\t<div class=\"elementor-container elementor-column-gap-wide\">\n\t\t\t\t\t<div class=\"elementor-column elementor-col-50 elementor-top-column elementor-element elementor-element-4f6d9c44\" data-id=\"4f6d9c44\" data-element_type=\"column\" data-e-type=\"column\">\n\t\t\t<div class=\"elementor-widget-wrap elementor-element-populated\">\n\t\t\t\t\t\t<div class=\"elementor-element elementor-element-4ee72bf1 elementor-view-default elementor-position-block-start elementor-mobile-position-block-start elementor-widget elementor-widget-icon-box\" data-id=\"4ee72bf1\" data-element_type=\"widget\" data-e-type=\"widget\" data-widget_type=\"icon-box.default\">\n\t\t\t\t<div class=\"elementor-widget-container\">\n\t\t\t\t\t\t\t<div class=\"elementor-icon-box-wrapper\">\n\n\t\t\t\t\t\t<div class=\"elementor-icon-box-icon\">\n\t\t\t\t<span  class=\"elementor-icon\">\n\t\t\t\t<i aria-hidden=\"true\" class=\"fas fa-compact-disc\"><\/i>\t\t\t\t<\/span>\n\t\t\t<\/div>\n\t\t\t\n\t\t\t\t\t\t<div class=\"elementor-icon-box-content\">\n\n\t\t\t\t\t\t\t\t\t<h2 class=\"elementor-icon-box-title\">\n\t\t\t\t\t\t<span  >\n\t\t\t\t\t\t\tMediterranew Musix \u2013 Comunitat Valenciana\t\t\t\t\t\t<\/span>\n\t\t\t\t\t<\/h2>\n\t\t\t\t\n\t\t\t\t\t\t\t\t\t<p class=\"elementor-icon-box-description\">\n\t\t\t\t\t\t\n\n\t\t\t\t\t<\/p>\n\t\t\t\t\n\t\t\t<\/div>\n\t\t\t\n\t\t<\/div>\n\t\t\t\t\t\t<\/div>\n\t\t\t\t<\/div>\n\t\t\t\t<div class=\"elementor-element elementor-element-4078e912 elementor-widget elementor-widget-image\" data-id=\"4078e912\" data-element_type=\"widget\" data-e-type=\"widget\" data-widget_type=\"image.default\">\n\t\t\t\t<div class=\"elementor-widget-container\">\n\t\t\t\t\t\t\t\t\t\t\t\t\t\t\t<img fetchpriority=\"high\" decoding=\"async\" width=\"500\" height=\"500\" src=\"https:\/\/fsmcv.org\/wp-content\/uploads\/2020\/10\/CD-21MEDITERRANEW-MUSIX-Comunitat-Valenciana.jpg\" class=\"attachment-full size-full wp-image-20085\" alt=\"Portada CD 21 Mediterranew Musix \u2013 Comunitat Valenciana\" srcset=\"https:\/\/fsmcv.org\/wp-content\/uploads\/2020\/10\/CD-21MEDITERRANEW-MUSIX-Comunitat-Valenciana.jpg 500w, https:\/\/fsmcv.org\/wp-content\/uploads\/2020\/10\/CD-21MEDITERRANEW-MUSIX-Comunitat-Valenciana-300x300.jpg 300w, https:\/\/fsmcv.org\/wp-content\/uploads\/2020\/10\/CD-21MEDITERRANEW-MUSIX-Comunitat-Valenciana-100x100.jpg 100w\" sizes=\"(max-width: 500px) 100vw, 500px\" title=\"\">\t\t\t\t\t\t\t\t\t\t\t\t\t\t\t<\/div>\n\t\t\t\t<\/div>\n\t\t\t\t<div class=\"elementor-element elementor-element-24bcd7a1 elementor-align-center elementor-widget elementor-widget-button\" data-id=\"24bcd7a1\" data-element_type=\"widget\" data-e-type=\"widget\" data-widget_type=\"button.default\">\n\t\t\t\t<div class=\"elementor-widget-container\">\n\t\t\t\t\t\t\t\t\t<div class=\"elementor-button-wrapper\">\n\t\t\t\t\t<a class=\"elementor-button elementor-button-link elementor-size-md\" href=\"https:\/\/fsmcv.org\/vl\/tenda\/discos\/societats-musicals\/cd-mediterranew-musix-comunitat-valenciana\/\">\n\t\t\t\t\t\t<span class=\"elementor-button-content-wrapper\">\n\t\t\t\t\t\t<span class=\"elementor-button-icon\">\n\t\t\t\t<i aria-hidden=\"true\" class=\"fas fa-arrow-right\"><\/i>\t\t\t<\/span>\n\t\t\t\t\t\t\t\t\t<span class=\"elementor-button-text\">Compra<\/span>\n\t\t\t\t\t<\/span>\n\t\t\t\t\t<\/a>\n\t\t\t\t<\/div>\n\t\t\t\t\t\t\t\t<\/div>\n\t\t\t\t<\/div>\n\t\t\t\t\t<\/div>\n\t\t<\/div>\n\t\t\t\t<div class=\"elementor-column elementor-col-50 elementor-top-column elementor-element elementor-element-6ca3a3d\" data-id=\"6ca3a3d\" data-element_type=\"column\" data-e-type=\"column\">\n\t\t\t<div class=\"elementor-widget-wrap elementor-element-populated\">\n\t\t\t\t\t\t<div class=\"elementor-element elementor-element-6b5d3ff5 elementor-widget elementor-widget-text-editor\" data-id=\"6b5d3ff5\" data-element_type=\"widget\" data-e-type=\"widget\" data-widget_type=\"text-editor.default\">\n\t\t\t\t<div class=\"elementor-widget-container\">\n\t\t\t\t\t\t\t\t\t<p><strong>Cont\u00e9:<\/strong><\/p>\n<p>1. CHIMO de Jos\u00e9 M\u00aa Ferrero Pastor<br \/>2. CREU D\u00b4ARSUF de Jos\u00e9 Rafael Pascual \u2013 Vilaplana<br \/>3. GAUDIUM ! de Ram\u00f3n Garc\u00eda i Soler<br \/>4. JARDIN DEL TURIA de Pablo Bas<br \/>5. INVICTUS de Miquel Morales<br \/>6. CID de Pedro Joaqu\u00edn Franc\u00e9s Sanju\u00e1n<br \/>7. HABIBI de Alfredo Anduix Rodr\u00edguez<br \/>8. MAGDALENA 1990 de Francisco Signes Castell\u00f3<br \/>9. L\u00b4ARBRE BLANC de Pere Vicalet<br \/>10. A QUICK VISIT TO SPAIN:<br \/>10.1. ZAFIR de Azael Tormo<br \/>10.2. VICTORUM de Frank Cogollos<br \/>10.3. ANDALUSIAN DANCE de Jos\u00e9 Ram\u00f3n Rico<br \/>10.4. AIRES A CATALUNYA de Ignasi Revert\u00e9<br \/>10.5. DESDE LOS \u00c1NGELES de Sara Galiana<br \/>10.6. CAPILLA de David G\u00f3mez<br \/>10.7. CELTIC DANS de David Rivas<br \/>10.8. EL TEMPLETE de Guillermo Ruano<\/p>\n\t\t\t\t\t\t\t\t<\/div>\n\t\t\t\t<\/div>\n\t\t\t\t\t<\/div>\n\t\t<\/div>\n\t\t\t\t\t<\/div>\n\t\t<\/section>\n\t\t\t\t<\/div>\n\t\t","protected":false},"excerpt":{"rendered":"<p>Compra Cont\u00e9: 1. CHIMO de Jos\u00e9 M\u00aa Ferrero Pastor2. CREU D\u00b4ARSUF de Jos\u00e9 Rafael Pascual \u2013 Vilaplana3. GAUDIUM ! de Ram\u00f3n Garc\u00eda i Soler4. JARDIN DEL TURIA de Pablo Bas5. INVICTUS de Miquel Morales6. CID de Pedro Joaqu\u00edn Franc\u00e9s Sanju\u00e1n7. HABIBI de Alfredo Anduix Rodr\u00edguez8. MAGDALENA 1990 de Francisco Signes Castell\u00f39. L\u00b4ARBRE BLANC de Pere [&hellip;]<\/p>\n","protected":false},"author":1,"featured_media":20085,"parent":20683,"menu_order":21,"comment_status":"closed","ping_status":"closed","template":"elementor_header_footer","meta":{"footnotes":""},"class_list":["post-20649","page","type-page","status-publish","has-post-thumbnail","hentry"],"_links":{"self":[{"href":"https:\/\/fsmcv.org\/vl\/wp-json\/wp\/v2\/pages\/20649","targetHints":{"allow":["GET"]}}],"collection":[{"href":"https:\/\/fsmcv.org\/vl\/wp-json\/wp\/v2\/pages"}],"about":[{"href":"https:\/\/fsmcv.org\/vl\/wp-json\/wp\/v2\/types\/page"}],"author":[{"embeddable":true,"href":"https:\/\/fsmcv.org\/vl\/wp-json\/wp\/v2\/users\/1"}],"replies":[{"embeddable":true,"href":"https:\/\/fsmcv.org\/vl\/wp-json\/wp\/v2\/comments?post=20649"}],"version-history":[{"count":0,"href":"https:\/\/fsmcv.org\/vl\/wp-json\/wp\/v2\/pages\/20649\/revisions"}],"up":[{"embeddable":true,"href":"https:\/\/fsmcv.org\/vl\/wp-json\/wp\/v2\/pages\/20683"}],"wp:featuredmedia":[{"embeddable":true,"href":"https:\/\/fsmcv.org\/vl\/wp-json\/wp\/v2\/media\/20085"}],"wp:attachment":[{"href":"https:\/\/fsmcv.org\/vl\/wp-json\/wp\/v2\/media?parent=20649"}],"curies":[{"name":"wp","href":"https:\/\/api.w.org\/{rel}","templated":true}]}}

<div data-elementor-type="wp-page" data-elementor-id="20649" class="elementor elementor-20649 elementor-20429" data-elementor-post-type="page">
						<section class="elementor-section elementor-top-section elementor-element elementor-element-5daf16b7 elementor-section-boxed elementor-section-height-default elementor-section-height-default" data-id="5daf16b7" data-element_type="section" data-e-type="section">
							<div class="elementor-background-overlay"></div>
							<div class="elementor-container elementor-column-gap-default">
					<div class="elementor-column elementor-col-100 elementor-top-column elementor-element elementor-element-4c8f4b70" data-id="4c8f4b70" data-element_type="column" data-e-type="column">
			<div class="elementor-widget-wrap elementor-element-populated">
						<div class="elementor-element elementor-element-4440a48e elementor-widget elementor-widget-heading" data-id="4440a48e" data-element_type="widget" data-e-type="widget" data-widget_type="heading.default">
				<div class="elementor-widget-container">
					<h1 class="elementor-heading-title elementor-size-default">Mediterranew Musix – Comunitat Valenciana</h1>				</div>
				</div>
					</div>
		</div>
					</div>
		</section>
				<section class="elementor-section elementor-top-section elementor-element elementor-element-24295a34 elementor-section-boxed elementor-section-height-default elementor-section-height-default" data-id="24295a34" data-element_type="section" data-e-type="section">
						<div class="elementor-container elementor-column-gap-wide">
					<div class="elementor-column elementor-col-50 elementor-top-column elementor-element elementor-element-4f6d9c44" data-id="4f6d9c44" data-element_type="column" data-e-type="column">
			<div class="elementor-widget-wrap elementor-element-populated">
						<div class="elementor-element elementor-element-4ee72bf1 elementor-view-default elementor-position-block-start elementor-mobile-position-block-start elementor-widget elementor-widget-icon-box" data-id="4ee72bf1" data-element_type="widget" data-e-type="widget" data-widget_type="icon-box.default">
				<div class="elementor-widget-container">
							<div class="elementor-icon-box-wrapper">

						<div class="elementor-icon-box-icon">
				<span  class="elementor-icon">
				<i aria-hidden="true" class="fas fa-compact-disc"></i>				</span>
			</div>
			
						<div class="elementor-icon-box-content">

									<h2 class="elementor-icon-box-title">
						<span  >
							Mediterranew Musix – Comunitat Valenciana						</span>
					</h2>
				
									<p class="elementor-icon-box-description">
						

					</p>
				
			</div>
			
		</div>
						</div>
				</div>
				<div class="elementor-element elementor-element-4078e912 elementor-widget elementor-widget-image" data-id="4078e912" data-element_type="widget" data-e-type="widget" data-widget_type="image.default">
				<div class="elementor-widget-container">
															<img fetchpriority="high" decoding="async" width="500" height="500" src="https://fsmcv.org/wp-content/uploads/2020/10/CD-21MEDITERRANEW-MUSIX-Comunitat-Valenciana.jpg" class="attachment-full size-full wp-image-20085" alt="Portada CD 21 Mediterranew Musix – Comunitat Valenciana" srcset="https://fsmcv.org/wp-content/uploads/2020/10/CD-21MEDITERRANEW-MUSIX-Comunitat-Valenciana.jpg 500w, https://fsmcv.org/wp-content/uploads/2020/10/CD-21MEDITERRANEW-MUSIX-Comunitat-Valenciana-300x300.jpg 300w, https://fsmcv.org/wp-content/uploads/2020/10/CD-21MEDITERRANEW-MUSIX-Comunitat-Valenciana-100x100.jpg 100w" sizes="(max-width: 500px) 100vw, 500px" title="">															</div>
				</div>
				<div class="elementor-element elementor-element-24bcd7a1 elementor-align-center elementor-widget elementor-widget-button" data-id="24bcd7a1" data-element_type="widget" data-e-type="widget" data-widget_type="button.default">
				<div class="elementor-widget-container">
									<div class="elementor-button-wrapper">
					<a class="elementor-button elementor-button-link elementor-size-md" href="https://fsmcv.org/vl/tenda/discos/societats-musicals/cd-mediterranew-musix-comunitat-valenciana/">
						<span class="elementor-button-content-wrapper">
						<span class="elementor-button-icon">
				<i aria-hidden="true" class="fas fa-arrow-right"></i>			</span>
									<span class="elementor-button-text">Compra</span>
					</span>
					</a>
				</div>
								</div>
				</div>
					</div>
		</div>
				<div class="elementor-column elementor-col-50 elementor-top-column elementor-element elementor-element-6ca3a3d" data-id="6ca3a3d" data-element_type="column" data-e-type="column">
			<div class="elementor-widget-wrap elementor-element-populated">
						<div class="elementor-element elementor-element-6b5d3ff5 elementor-widget elementor-widget-text-editor" data-id="6b5d3ff5" data-element_type="widget" data-e-type="widget" data-widget_type="text-editor.default">
				<div class="elementor-widget-container">
									<p><strong>Conté:</strong></p>
<p>1. CHIMO de José Mª Ferrero Pastor<br />2. CREU D´ARSUF de José Rafael Pascual – Vilaplana<br />3. GAUDIUM ! de Ramón García i Soler<br />4. JARDIN DEL TURIA de Pablo Bas<br />5. INVICTUS de Miquel Morales<br />6. CID de Pedro Joaquín Francés Sanjuán<br />7. HABIBI de Alfredo Anduix Rodríguez<br />8. MAGDALENA 1990 de Francisco Signes Castelló<br />9. L´ARBRE BLANC de Pere Vicalet<br />10. A QUICK VISIT TO SPAIN:<br />10.1. ZAFIR de Azael Tormo<br />10.2. VICTORUM de Frank Cogollos<br />10.3. ANDALUSIAN DANCE de José Ramón Rico<br />10.4. AIRES A CATALUNYA de Ignasi Reverté<br />10.5. DESDE LOS ÁNGELES de Sara Galiana<br />10.6. CAPILLA de David Gómez<br />10.7. CELTIC DANS de David Rivas<br />10.8. EL TEMPLETE de Guillermo Ruano</p>
								</div>
				</div>
					</div>
		</div>
					</div>
		</section>
				</div>

<p>Compra Conté: 1. CHIMO de José Mª Ferrero Pastor2. CREU D´ARSUF de José Rafael Pascual – Vilaplana3. GAUDIUM ! de Ramón García i Soler4. JARDIN DEL TURIA de Pablo Bas5. INVICTUS de Miquel Morales6. CID de Pedro Joaquín Francés Sanjuán7. HABIBI de Alfredo Anduix Rodríguez8. MAGDALENA 1990 de Francisco Signes Castelló9. L´ARBRE BLANC de Pere [&hellip;]</p>
