{"id":22087,"date":"2020-10-19T08:43:48","date_gmt":"2020-10-19T06:43:48","guid":{"rendered":"https:\/\/fsmcv.org\/nosaltres-2\/declaracion-institucional\/"},"modified":"2021-07-15T20:59:03","modified_gmt":"2021-07-15T18:59:03","slug":"declaracion-institucional","status":"publish","type":"page","link":"https:\/\/fsmcv.org\/vl\/federacio-de-societats-musicals-de-la-comunitat-valenciana\/portal-de-transparencia\/declaracion-institucional\/","title":{"rendered":"Declaraci\u00f3 institucional"},"content":{"rendered":"\n<p><strong>La FEDERACI\u00d3 DE SOCIETATS MUSICALS DE LA COMUNITAT VALENCIANA (FSMCV) es constitu\u00efx com una organitzaci\u00f3 sense \u00e0nim de lucre<\/strong>, de car\u00e0cter no oficial, amb el prop\u00f2sit d&#8217;integrar i coordinar el moviment associatiu musical i cultural de la Comunitat Valenciana, el m\u00e0xim exponent del qual est\u00e0 representat per les Societats Musicals amb escola i banda de M\u00fasica, entitats que, tradicionalment, han contribu\u00eft a conservar el patrimoni cultural i musical del nostre Poble, han vertebrat la seua estructura territorial i social i han enfortit la seua identitat, com a tal Poble, per ser la m\u00fasica una de les arts m\u00e9s arrelades i un dels trets essencials de la idiosincr\u00e0sia d&#8217;esta Comunitat.<\/p>\n\n<p><strong>Constitu\u00efxen l&#8217;objectiu de la FSMCV, la promoci\u00f3 i el desenrotllament de les Societats Musicals<\/strong>, en tots els seus vessants, impulsant el seu creixement, diversificaci\u00f3 i millora, tant en la seua labor pedag\u00f2gica musical com en la seua activitat sociocultural, prestant una especial atenci\u00f3 al creixement i normalitzaci\u00f3 de les seues escoles de m\u00fasica, a la formaci\u00f3 musical dels j\u00f3vens i a la seua educaci\u00f3 integral, al perfeccionament del model de gesti\u00f3 dels seus associats i a la progressiva formaci\u00f3 dels seus directius en tasques de gesti\u00f3<\/p>\n\n<p><strong>L&#8217;estructura directiva de la FSMCV est\u00e0 formada per un voluntariat triat,<\/strong> des de la seua fundaci\u00f3 en 1968, <strong>de forma democr\u00e0tica per les entitats associades.<\/strong> Aix\u00ed mateix, i des del seu inici, la FSMCV s&#8217;ha estructurat com una organitzaci\u00f3 unit\u00e0ria de totes les terres de la nostra Comunitat i, per tant, precursora de l&#8217;actual Autonomia, i la estructura provincial i comarcal de les quals, democr\u00e0ticament triada, s&#8217;articula de manera que la comunicaci\u00f3 puga fluir d&#8217;una forma bidireccional, lliure i continuada, des de la Junta Directiva a tots els associats, a trav\u00e9s dels \u00faltims avan\u00e7os en les tecnologies de la comunicaci\u00f3 per a agilitzar i optimitzar este proc\u00e9s.<\/p>\n\n<p>Formen el suport \u00e8tic d&#8217;esta entitat un conjunt de valors fonamentals que estan en la base dels diferents \u00e0mbits i nivells d&#8217;actuaci\u00f3 de la FSMCV. <strong>Els valors democr\u00e0tics i d&#8217;independ\u00e8ncia pol\u00edtica en l&#8217;elecci\u00f3 dels seus membres<\/strong> i en les seues relacions amb els grups socials i pol\u00edtics, la proximitat i la transpar\u00e8ncia informativa, el foment de la participaci\u00f3 i la solidaritat amb els seus associats i un tarann\u00e0 dialogant, on la pluralitat ideol\u00f2gica i social, la toler\u00e0ncia i l&#8217;acostament de postures marquen la t\u00f2nica fonamental de les relacions internes i amb el seu entorn pr\u00f2xim.<\/p>\n\n<p>La nostra filosofia d&#8217;actuaci\u00f3 es basa en la consecuci\u00f3 dels m\u00e0xims nivells de cohesi\u00f3 i unitat entre les entitats associades, de tal forma que ens permeta ser un interlocutor v\u00e0lid davant de les Institucions P\u00fabliques, singularment Generalitat, Diputacions i Ajuntaments, fomentant en tot moment l&#8217;enteniment d&#8217;estes amb tots els nivells de la nostra estructura i els nostres associats, la m\u00fatua col\u00b7laboraci\u00f3 i el respecte de la rec\u00edproca independ\u00e8ncia.<\/p>\n\n<p>Entenem que la dial\u00e8ctica a mantindre amb les Institucions P\u00fabliques i Privades \u00e9s la col\u00b7laboraci\u00f3 i la cooperaci\u00f3 m\u00fatua, basant-se en el plantejament de propostes i projectes sobre les mat\u00e8ries d&#8217;inter\u00e9s mutu de car\u00e0cter musical, associatiu, social i cultural, que puguen materialitzar-se en programes concrets d&#8217;actuaci\u00f3.<\/p>\n\n<p><a rel=\"noreferrer noopener\" href=\"https:\/\/fsmcv.org\/BTnet-storage\/wp-uploads\/2018\/06\/AG_FSMCV_Nueva-Declaracion-Institucional-FSMCV_protegido.pdf\" target=\"_blank\">Descarregar la Declaraci\u00f3 Institucional de la FSMCV. [PDF]<\/a><\/p>\n\n<div style=\"height:100px\" aria-hidden=\"true\" class=\"wp-block-spacer\"><\/div>\n","protected":false},"excerpt":{"rendered":"<p>La FEDERACI\u00d3 DE SOCIETATS MUSICALS DE LA COMUNITAT VALENCIANA (FSMCV) es constitu\u00efx com una organitzaci\u00f3 sense \u00e0nim de lucre, de car\u00e0cter no oficial, amb el prop\u00f2sit d&#8217;integrar i coordinar el moviment associatiu musical i cultural de la Comunitat Valenciana, el m\u00e0xim exponent del qual est\u00e0 representat per les Societats Musicals amb escola i banda de [&hellip;]<\/p>\n","protected":false},"author":1,"featured_media":0,"parent":21107,"menu_order":6,"comment_status":"closed","ping_status":"closed","template":"","meta":{"footnotes":""},"class_list":["post-22087","page","type-page","status-publish","hentry"],"_links":{"self":[{"href":"https:\/\/fsmcv.org\/vl\/wp-json\/wp\/v2\/pages\/22087","targetHints":{"allow":["GET"]}}],"collection":[{"href":"https:\/\/fsmcv.org\/vl\/wp-json\/wp\/v2\/pages"}],"about":[{"href":"https:\/\/fsmcv.org\/vl\/wp-json\/wp\/v2\/types\/page"}],"author":[{"embeddable":true,"href":"https:\/\/fsmcv.org\/vl\/wp-json\/wp\/v2\/users\/1"}],"replies":[{"embeddable":true,"href":"https:\/\/fsmcv.org\/vl\/wp-json\/wp\/v2\/comments?post=22087"}],"version-history":[{"count":0,"href":"https:\/\/fsmcv.org\/vl\/wp-json\/wp\/v2\/pages\/22087\/revisions"}],"up":[{"embeddable":true,"href":"https:\/\/fsmcv.org\/vl\/wp-json\/wp\/v2\/pages\/21107"}],"wp:attachment":[{"href":"https:\/\/fsmcv.org\/vl\/wp-json\/wp\/v2\/media?parent=22087"}],"curies":[{"name":"wp","href":"https:\/\/api.w.org\/{rel}","templated":true}]}}

Declaració institucional

<p><strong>La FEDERACIÓ DE SOCIETATS MUSICALS DE LA COMUNITAT VALENCIANA (FSMCV) es constituïx com una organització sense ànim de lucre</strong>, de caràcter no oficial, amb el propòsit d&#8217;integrar i coordinar el moviment associatiu musical i cultural de la Comunitat Valenciana, el màxim exponent del qual està representat per les Societats Musicals amb escola i banda de Música, entitats que, tradicionalment, han contribuït a conservar el patrimoni cultural i musical del nostre Poble, han vertebrat la seua estructura territorial i social i han enfortit la seua identitat, com a tal Poble, per ser la música una de les arts més arrelades i un dels trets essencials de la idiosincràsia d&#8217;esta Comunitat.</p>

<p><strong>Constituïxen l&#8217;objectiu de la FSMCV, la promoció i el desenrotllament de les Societats Musicals</strong>, en tots els seus vessants, impulsant el seu creixement, diversificació i millora, tant en la seua labor pedagògica musical com en la seua activitat sociocultural, prestant una especial atenció al creixement i normalització de les seues escoles de música, a la formació musical dels jóvens i a la seua educació integral, al perfeccionament del model de gestió dels seus associats i a la progressiva formació dels seus directius en tasques de gestió</p>

<p><strong>L&#8217;estructura directiva de la FSMCV està formada per un voluntariat triat,</strong> des de la seua fundació en 1968, <strong>de forma democràtica per les entitats associades.</strong> Així mateix, i des del seu inici, la FSMCV s&#8217;ha estructurat com una organització unitària de totes les terres de la nostra Comunitat i, per tant, precursora de l&#8217;actual Autonomia, i la estructura provincial i comarcal de les quals, democràticament triada, s&#8217;articula de manera que la comunicació puga fluir d&#8217;una forma bidireccional, lliure i continuada, des de la Junta Directiva a tots els associats, a través dels últims avanços en les tecnologies de la comunicació per a agilitzar i optimitzar este procés.</p>

<p>Formen el suport ètic d&#8217;esta entitat un conjunt de valors fonamentals que estan en la base dels diferents àmbits i nivells d&#8217;actuació de la FSMCV. <strong>Els valors democràtics i d&#8217;independència política en l&#8217;elecció dels seus membres</strong> i en les seues relacions amb els grups socials i polítics, la proximitat i la transparència informativa, el foment de la participació i la solidaritat amb els seus associats i un tarannà dialogant, on la pluralitat ideològica i social, la tolerància i l&#8217;acostament de postures marquen la tònica fonamental de les relacions internes i amb el seu entorn pròxim.</p>

<p>La nostra filosofia d&#8217;actuació es basa en la consecució dels màxims nivells de cohesió i unitat entre les entitats associades, de tal forma que ens permeta ser un interlocutor vàlid davant de les Institucions Públiques, singularment Generalitat, Diputacions i Ajuntaments, fomentant en tot moment l&#8217;enteniment d&#8217;estes amb tots els nivells de la nostra estructura i els nostres associats, la mútua col·laboració i el respecte de la recíproca independència.</p>

<p>Entenem que la dialèctica a mantindre amb les Institucions Públiques i Privades és la col·laboració i la cooperació mútua, basant-se en el plantejament de propostes i projectes sobre les matèries d&#8217;interés mutu de caràcter musical, associatiu, social i cultural, que puguen materialitzar-se en programes concrets d&#8217;actuació.</p>

<p><a rel="noreferrer noopener" href="https://fsmcv.org/BTnet-storage/wp-uploads/2018/06/AG_FSMCV_Nueva-Declaracion-Institucional-FSMCV_protegido.pdf" target="_blank">Descarregar la Declaració Institucional de la FSMCV. [PDF]</a></p>

<div style="height:100px" aria-hidden="true" class="wp-block-spacer"></div>

<p>La FEDERACIÓ DE SOCIETATS MUSICALS DE LA COMUNITAT VALENCIANA (FSMCV) es constituïx com una organització sense ànim de lucre, de caràcter no oficial, amb el propòsit d&#8217;integrar i coordinar el moviment associatiu musical i cultural de la Comunitat Valenciana, el màxim exponent del qual està representat per les Societats Musicals amb escola i banda de [&hellip;]</p>
