{"id":39782,"date":"2020-10-13T14:42:08","date_gmt":"2020-10-13T12:42:08","guid":{"rendered":"https:\/\/fsmcv.org\/centre-destudis-de-la-fsmcv\/formacio-en-agrupacions-artistiques\/"},"modified":"2021-07-16T20:28:40","modified_gmt":"2021-07-16T18:28:40","slug":"formacio-en-agrupacions-artistiques","status":"publish","type":"page","link":"https:\/\/fsmcv.org\/vl\/centre-destudis-de-la-fsmcv\/formacio-en-agrupacions-artistiques\/","title":{"rendered":"Formaci\u00f3 en agrupacions art\u00edstiques"},"content":{"rendered":"\t\t<div data-elementor-type=\"wp-page\" data-elementor-id=\"39782\" class=\"elementor elementor-39782 elementor-21233\" data-elementor-post-type=\"page\">\n\t\t\t\t\t\t<section class=\"elementor-section elementor-top-section elementor-element elementor-element-6d4ddd39 elementor-section-boxed elementor-section-height-default elementor-section-height-default\" data-id=\"6d4ddd39\" data-element_type=\"section\" data-e-type=\"section\">\n\t\t\t\t\t\t\t<div class=\"elementor-background-overlay\"><\/div>\n\t\t\t\t\t\t\t<div class=\"elementor-container elementor-column-gap-default\">\n\t\t\t\t\t<div class=\"elementor-column elementor-col-100 elementor-top-column elementor-element elementor-element-3dfe6a1e\" data-id=\"3dfe6a1e\" data-element_type=\"column\" data-e-type=\"column\">\n\t\t\t<div class=\"elementor-widget-wrap elementor-element-populated\">\n\t\t\t\t\t\t<div class=\"elementor-element elementor-element-59273c4a elementor-widget elementor-widget-heading\" data-id=\"59273c4a\" data-element_type=\"widget\" data-e-type=\"widget\" data-widget_type=\"heading.default\">\n\t\t\t\t<div class=\"elementor-widget-container\">\n\t\t\t\t\t<h1 class=\"elementor-heading-title elementor-size-default\">Formaci\u00f3 en agrupacions art\u00edstiques<\/h1>\t\t\t\t<\/div>\n\t\t\t\t<\/div>\n\t\t\t\t\t<\/div>\n\t\t<\/div>\n\t\t\t\t\t<\/div>\n\t\t<\/section>\n\t\t\t\t<section class=\"elementor-section elementor-top-section elementor-element elementor-element-a56eaee elementor-section-boxed elementor-section-height-default elementor-section-height-default\" data-id=\"a56eaee\" data-element_type=\"section\" data-e-type=\"section\" data-settings=\"{&quot;background_background&quot;:&quot;classic&quot;}\">\n\t\t\t\t\t\t<div class=\"elementor-container elementor-column-gap-default\">\n\t\t\t\t\t<div class=\"elementor-column elementor-col-50 elementor-top-column elementor-element elementor-element-40f406c\" data-id=\"40f406c\" data-element_type=\"column\" data-e-type=\"column\">\n\t\t\t<div class=\"elementor-widget-wrap elementor-element-populated\">\n\t\t\t\t\t\t<div class=\"elementor-element elementor-element-c4c4599 elementor-widget elementor-widget-heading\" data-id=\"c4c4599\" data-element_type=\"widget\" data-e-type=\"widget\" data-widget_type=\"heading.default\">\n\t\t\t\t<div class=\"elementor-widget-container\">\n\t\t\t\t\t<h3 class=\"elementor-heading-title elementor-size-default\">Orquestres Simf\u00f2niques<\/h3>\t\t\t\t<\/div>\n\t\t\t\t<\/div>\n\t\t\t\t<div class=\"elementor-element elementor-element-d1bb9ef elementor-icon-list--layout-traditional elementor-list-item-link-full_width elementor-widget elementor-widget-icon-list\" data-id=\"d1bb9ef\" data-element_type=\"widget\" data-e-type=\"widget\" data-widget_type=\"icon-list.default\">\n\t\t\t\t<div class=\"elementor-widget-container\">\n\t\t\t\t\t\t\t<ul class=\"elementor-icon-list-items\">\n\t\t\t\t\t\t\t<li class=\"elementor-icon-list-item\">\n\t\t\t\t\t\t\t\t\t\t\t<a href=\"https:\/\/fsmcv.org\/categoria\/joven-orquesta-sinfonica\/\">\n\n\t\t\t\t\t\t\t\t\t\t\t\t<span class=\"elementor-icon-list-icon\">\n\t\t\t\t\t\t\t<i aria-hidden=\"true\" class=\"fas fa-link\"><\/i>\t\t\t\t\t\t<\/span>\n\t\t\t\t\t\t\t\t\t\t<span class=\"elementor-icon-list-text\">Jove Orquestra Simf\u00f2nica de la FSMCV<\/span>\n\t\t\t\t\t\t\t\t\t\t\t<\/a>\n\t\t\t\t\t\t\t\t\t<\/li>\n\t\t\t\t\t\t\t\t<li class=\"elementor-icon-list-item\">\n\t\t\t\t\t\t\t\t\t\t\t<a href=\"https:\/\/ivc.gva.es\/val\/musica\" target=\"_blank\" rel=\"nofollow noopener\">\n\n\t\t\t\t\t\t\t\t\t\t\t\t<span class=\"elementor-icon-list-icon\">\n\t\t\t\t\t\t\t<i aria-hidden=\"true\" class=\"fas fa-link\"><\/i>\t\t\t\t\t\t<\/span>\n\t\t\t\t\t\t\t\t\t\t<span class=\"elementor-icon-list-text\">Jove Orquestra de la Generalitat Valenciana (JOGV)<\/span>\n\t\t\t\t\t\t\t\t\t\t\t<\/a>\n\t\t\t\t\t\t\t\t\t<\/li>\n\t\t\t\t\t\t\t\t<li class=\"elementor-icon-list-item\">\n\t\t\t\t\t\t\t\t\t\t\t<a href=\"http:\/\/www.aejo.org\/miembros.asp\" target=\"_blank\" rel=\"noopener\">\n\n\t\t\t\t\t\t\t\t\t\t\t\t<span class=\"elementor-icon-list-icon\">\n\t\t\t\t\t\t\t<i aria-hidden=\"true\" class=\"fas fa-link\"><\/i>\t\t\t\t\t\t<\/span>\n\t\t\t\t\t\t\t\t\t\t<span class=\"elementor-icon-list-text\">Asociaci\u00f3 Espanyola de J\u00f3ves Orquestres (AEJO)<\/span>\n\t\t\t\t\t\t\t\t\t\t\t<\/a>\n\t\t\t\t\t\t\t\t\t<\/li>\n\t\t\t\t\t\t\t\t<li class=\"elementor-icon-list-item\">\n\t\t\t\t\t\t\t\t\t\t\t<a href=\"http:\/\/jonde.mcu.es\/\" target=\"_blank\" rel=\"nofollow noopener\">\n\n\t\t\t\t\t\t\t\t\t\t\t\t<span class=\"elementor-icon-list-icon\">\n\t\t\t\t\t\t\t<i aria-hidden=\"true\" class=\"fas fa-link\"><\/i>\t\t\t\t\t\t<\/span>\n\t\t\t\t\t\t\t\t\t\t<span class=\"elementor-icon-list-text\">Jove Orquestra Nacional d\u00b4 Espanya (JONDE)<\/span>\n\t\t\t\t\t\t\t\t\t\t\t<\/a>\n\t\t\t\t\t\t\t\t\t<\/li>\n\t\t\t\t\t\t\t\t<li class=\"elementor-icon-list-item\">\n\t\t\t\t\t\t\t\t\t\t\t<a href=\"http:\/\/www.eaem.es\/es\" target=\"_blank\" rel=\"nofollow noopener\">\n\n\t\t\t\t\t\t\t\t\t\t\t\t<span class=\"elementor-icon-list-icon\">\n\t\t\t\t\t\t\t<i aria-hidden=\"true\" class=\"fas fa-link\"><\/i>\t\t\t\t\t\t<\/span>\n\t\t\t\t\t\t\t\t\t\t<span class=\"elementor-icon-list-text\">Escola d\u2019alts estudis musicals \u2013 REAL FILHARMON\u00cdA DE GAL\u00cdCIA<\/span>\n\t\t\t\t\t\t\t\t\t\t\t<\/a>\n\t\t\t\t\t\t\t\t\t<\/li>\n\t\t\t\t\t\t\t\t<li class=\"elementor-icon-list-item\">\n\t\t\t\t\t\t\t\t\t\t\t<a href=\"#\" target=\"_blank\" rel=\"nofollow\">\n\n\t\t\t\t\t\t\t\t\t\t\t\t<span class=\"elementor-icon-list-icon\">\n\t\t\t\t\t\t\t<i aria-hidden=\"true\" class=\"fas fa-link\"><\/i>\t\t\t\t\t\t<\/span>\n\t\t\t\t\t\t\t\t\t\t<span class=\"elementor-icon-list-text\">Jove Orquestra de l\u00b4 Uni\u00f3 Europea<\/span>\n\t\t\t\t\t\t\t\t\t\t\t<\/a>\n\t\t\t\t\t\t\t\t\t<\/li>\n\t\t\t\t\t\t\t\t<li class=\"elementor-icon-list-item\">\n\t\t\t\t\t\t\t\t\t\t\t<a href=\"https:\/\/www.musicalchairs.info\/es\/europe\/youthorchestras\" target=\"_blank\" rel=\"nofollow noopener\">\n\n\t\t\t\t\t\t\t\t\t\t\t\t<span class=\"elementor-icon-list-icon\">\n\t\t\t\t\t\t\t<i aria-hidden=\"true\" class=\"fas fa-link\"><\/i>\t\t\t\t\t\t<\/span>\n\t\t\t\t\t\t\t\t\t\t<span class=\"elementor-icon-list-text\">Orquestres j\u00f3vens d'Europa: directori<\/span>\n\t\t\t\t\t\t\t\t\t\t\t<\/a>\n\t\t\t\t\t\t\t\t\t<\/li>\n\t\t\t\t\t\t\t\t<li class=\"elementor-icon-list-item\">\n\t\t\t\t\t\t\t\t\t\t\t<a href=\"https:\/\/www.efnyo.org\/\" target=\"_blank\" rel=\"nofollow noopener\">\n\n\t\t\t\t\t\t\t\t\t\t\t\t<span class=\"elementor-icon-list-icon\">\n\t\t\t\t\t\t\t<i aria-hidden=\"true\" class=\"fas fa-link\"><\/i>\t\t\t\t\t\t<\/span>\n\t\t\t\t\t\t\t\t\t\t<span class=\"elementor-icon-list-text\">European Federation of National Youth Orchestras<\/span>\n\t\t\t\t\t\t\t\t\t\t\t<\/a>\n\t\t\t\t\t\t\t\t\t<\/li>\n\t\t\t\t\t\t<\/ul>\n\t\t\t\t\t\t<\/div>\n\t\t\t\t<\/div>\n\t\t\t\t\t<\/div>\n\t\t<\/div>\n\t\t\t\t<div class=\"elementor-column elementor-col-50 elementor-top-column elementor-element elementor-element-21512be\" data-id=\"21512be\" data-element_type=\"column\" data-e-type=\"column\">\n\t\t\t<div class=\"elementor-widget-wrap elementor-element-populated\">\n\t\t\t\t\t\t<div class=\"elementor-element elementor-element-63ffae8 elementor-widget elementor-widget-heading\" data-id=\"63ffae8\" data-element_type=\"widget\" data-e-type=\"widget\" data-widget_type=\"heading.default\">\n\t\t\t\t<div class=\"elementor-widget-container\">\n\t\t\t\t\t<h3 class=\"elementor-heading-title elementor-size-default\">Bandes Sinf\u00f2nicas<\/h3>\t\t\t\t<\/div>\n\t\t\t\t<\/div>\n\t\t\t\t<div class=\"elementor-element elementor-element-a7d2772 elementor-icon-list--layout-traditional elementor-list-item-link-full_width elementor-widget elementor-widget-icon-list\" data-id=\"a7d2772\" data-element_type=\"widget\" data-e-type=\"widget\" data-widget_type=\"icon-list.default\">\n\t\t\t\t<div class=\"elementor-widget-container\">\n\t\t\t\t\t\t\t<ul class=\"elementor-icon-list-items\">\n\t\t\t\t\t\t\t<li class=\"elementor-icon-list-item\">\n\t\t\t\t\t\t\t\t\t\t\t<a href=\"https:\/\/fsmcv.org\/categoria\/joven-banda-sinfonica\/\">\n\n\t\t\t\t\t\t\t\t\t\t\t\t<span class=\"elementor-icon-list-icon\">\n\t\t\t\t\t\t\t<i aria-hidden=\"true\" class=\"fas fa-link\"><\/i>\t\t\t\t\t\t<\/span>\n\t\t\t\t\t\t\t\t\t\t<span class=\"elementor-icon-list-text\">Jove Banda Simf\u00f2nica de la FSMCV<\/span>\n\t\t\t\t\t\t\t\t\t\t\t<\/a>\n\t\t\t\t\t\t\t\t\t<\/li>\n\t\t\t\t\t\t\t\t<li class=\"elementor-icon-list-item\">\n\t\t\t\t\t\t\t\t\t\t\t<a href=\"https:\/\/www.ugda.lu\/\" target=\"_blank\" rel=\"nofollow noopener\">\n\n\t\t\t\t\t\t\t\t\t\t\t\t<span class=\"elementor-icon-list-icon\">\n\t\t\t\t\t\t\t<i aria-hidden=\"true\" class=\"fas fa-link\"><\/i>\t\t\t\t\t\t<\/span>\n\t\t\t\t\t\t\t\t\t\t<span class=\"elementor-icon-list-text\">European Union Youth Wind Orchestra<\/span>\n\t\t\t\t\t\t\t\t\t\t\t<\/a>\n\t\t\t\t\t\t\t\t\t<\/li>\n\t\t\t\t\t\t<\/ul>\n\t\t\t\t\t\t<\/div>\n\t\t\t\t<\/div>\n\t\t\t\t\t<\/div>\n\t\t<\/div>\n\t\t\t\t\t<\/div>\n\t\t<\/section>\n\t\t\t\t<\/div>\n\t\t","protected":false},"excerpt":{"rendered":"<p>Orquestres Simf\u00f2niques Jove Orquestra Simf\u00f2nica de la FSMCV Jove Orquestra de la Generalitat Valenciana (JOGV) Asociaci\u00f3 Espanyola de J\u00f3ves Orquestres (AEJO) Jove Orquestra Nacional d\u00b4 Espanya (JONDE) Escola d\u2019alts estudis musicals \u2013 REAL FILHARMON\u00cdA DE GAL\u00cdCIA Jove Orquestra de l\u00b4 Uni\u00f3 Europea Orquestres j\u00f3vens d&#8217;Europa: directori European Federation of National Youth Orchestras Bandes Sinf\u00f2nicas Jove [&hellip;]<\/p>\n","protected":false},"author":1,"featured_media":0,"parent":39768,"menu_order":2,"comment_status":"closed","ping_status":"closed","template":"elementor_header_footer","meta":{"footnotes":""},"class_list":["post-39782","page","type-page","status-publish","hentry"],"_links":{"self":[{"href":"https:\/\/fsmcv.org\/vl\/wp-json\/wp\/v2\/pages\/39782","targetHints":{"allow":["GET"]}}],"collection":[{"href":"https:\/\/fsmcv.org\/vl\/wp-json\/wp\/v2\/pages"}],"about":[{"href":"https:\/\/fsmcv.org\/vl\/wp-json\/wp\/v2\/types\/page"}],"author":[{"embeddable":true,"href":"https:\/\/fsmcv.org\/vl\/wp-json\/wp\/v2\/users\/1"}],"replies":[{"embeddable":true,"href":"https:\/\/fsmcv.org\/vl\/wp-json\/wp\/v2\/comments?post=39782"}],"version-history":[{"count":0,"href":"https:\/\/fsmcv.org\/vl\/wp-json\/wp\/v2\/pages\/39782\/revisions"}],"up":[{"embeddable":true,"href":"https:\/\/fsmcv.org\/vl\/wp-json\/wp\/v2\/pages\/39768"}],"wp:attachment":[{"href":"https:\/\/fsmcv.org\/vl\/wp-json\/wp\/v2\/media?parent=39782"}],"curies":[{"name":"wp","href":"https:\/\/api.w.org\/{rel}","templated":true}]}}

Formació en agrupacions artístiques

<div data-elementor-type="wp-page" data-elementor-id="39782" class="elementor elementor-39782 elementor-21233" data-elementor-post-type="page">
						<section class="elementor-section elementor-top-section elementor-element elementor-element-6d4ddd39 elementor-section-boxed elementor-section-height-default elementor-section-height-default" data-id="6d4ddd39" data-element_type="section" data-e-type="section">
							<div class="elementor-background-overlay"></div>
							<div class="elementor-container elementor-column-gap-default">
					<div class="elementor-column elementor-col-100 elementor-top-column elementor-element elementor-element-3dfe6a1e" data-id="3dfe6a1e" data-element_type="column" data-e-type="column">
			<div class="elementor-widget-wrap elementor-element-populated">
						<div class="elementor-element elementor-element-59273c4a elementor-widget elementor-widget-heading" data-id="59273c4a" data-element_type="widget" data-e-type="widget" data-widget_type="heading.default">
				<div class="elementor-widget-container">
					<h1 class="elementor-heading-title elementor-size-default">Formació en agrupacions artístiques</h1>				</div>
				</div>
					</div>
		</div>
					</div>
		</section>
				<section class="elementor-section elementor-top-section elementor-element elementor-element-a56eaee elementor-section-boxed elementor-section-height-default elementor-section-height-default" data-id="a56eaee" data-element_type="section" data-e-type="section" data-settings="{&quot;background_background&quot;:&quot;classic&quot;}">
						<div class="elementor-container elementor-column-gap-default">
					<div class="elementor-column elementor-col-50 elementor-top-column elementor-element elementor-element-40f406c" data-id="40f406c" data-element_type="column" data-e-type="column">
			<div class="elementor-widget-wrap elementor-element-populated">
						<div class="elementor-element elementor-element-c4c4599 elementor-widget elementor-widget-heading" data-id="c4c4599" data-element_type="widget" data-e-type="widget" data-widget_type="heading.default">
				<div class="elementor-widget-container">
					<h3 class="elementor-heading-title elementor-size-default">Orquestres Simfòniques</h3>				</div>
				</div>
				<div class="elementor-element elementor-element-d1bb9ef elementor-icon-list--layout-traditional elementor-list-item-link-full_width elementor-widget elementor-widget-icon-list" data-id="d1bb9ef" data-element_type="widget" data-e-type="widget" data-widget_type="icon-list.default">
				<div class="elementor-widget-container">
							<ul class="elementor-icon-list-items">
							<li class="elementor-icon-list-item">
											<a href="https://fsmcv.org/categoria/joven-orquesta-sinfonica/">

												<span class="elementor-icon-list-icon">
							<i aria-hidden="true" class="fas fa-link"></i>						</span>
										<span class="elementor-icon-list-text">Jove Orquestra Simfònica de la FSMCV</span>
											</a>
									</li>
								<li class="elementor-icon-list-item">
											<a href="https://ivc.gva.es/val/musica" target="_blank" rel="nofollow noopener">

												<span class="elementor-icon-list-icon">
							<i aria-hidden="true" class="fas fa-link"></i>						</span>
										<span class="elementor-icon-list-text">Jove Orquestra de la Generalitat Valenciana (JOGV)</span>
											</a>
									</li>
								<li class="elementor-icon-list-item">
											<a href="http://www.aejo.org/miembros.asp" target="_blank" rel="noopener">

												<span class="elementor-icon-list-icon">
							<i aria-hidden="true" class="fas fa-link"></i>						</span>
										<span class="elementor-icon-list-text">Asociació Espanyola de Jóves Orquestres (AEJO)</span>
											</a>
									</li>
								<li class="elementor-icon-list-item">
											<a href="http://jonde.mcu.es/" target="_blank" rel="nofollow noopener">

												<span class="elementor-icon-list-icon">
							<i aria-hidden="true" class="fas fa-link"></i>						</span>
										<span class="elementor-icon-list-text">Jove Orquestra Nacional d´ Espanya (JONDE)</span>
											</a>
									</li>
								<li class="elementor-icon-list-item">
											<a href="http://www.eaem.es/es" target="_blank" rel="nofollow noopener">

												<span class="elementor-icon-list-icon">
							<i aria-hidden="true" class="fas fa-link"></i>						</span>
										<span class="elementor-icon-list-text">Escola d’alts estudis musicals – REAL FILHARMONÍA DE GALÍCIA</span>
											</a>
									</li>
								<li class="elementor-icon-list-item">
											<a href="#" target="_blank" rel="nofollow">

												<span class="elementor-icon-list-icon">
							<i aria-hidden="true" class="fas fa-link"></i>						</span>
										<span class="elementor-icon-list-text">Jove Orquestra de l´ Unió Europea</span>
											</a>
									</li>
								<li class="elementor-icon-list-item">
											<a href="https://www.musicalchairs.info/es/europe/youthorchestras" target="_blank" rel="nofollow noopener">

												<span class="elementor-icon-list-icon">
							<i aria-hidden="true" class="fas fa-link"></i>						</span>
										<span class="elementor-icon-list-text">Orquestres jóvens d'Europa: directori</span>
											</a>
									</li>
								<li class="elementor-icon-list-item">
											<a href="https://www.efnyo.org/" target="_blank" rel="nofollow noopener">

												<span class="elementor-icon-list-icon">
							<i aria-hidden="true" class="fas fa-link"></i>						</span>
										<span class="elementor-icon-list-text">European Federation of National Youth Orchestras</span>
											</a>
									</li>
						</ul>
						</div>
				</div>
					</div>
		</div>
				<div class="elementor-column elementor-col-50 elementor-top-column elementor-element elementor-element-21512be" data-id="21512be" data-element_type="column" data-e-type="column">
			<div class="elementor-widget-wrap elementor-element-populated">
						<div class="elementor-element elementor-element-63ffae8 elementor-widget elementor-widget-heading" data-id="63ffae8" data-element_type="widget" data-e-type="widget" data-widget_type="heading.default">
				<div class="elementor-widget-container">
					<h3 class="elementor-heading-title elementor-size-default">Bandes Sinfònicas</h3>				</div>
				</div>
				<div class="elementor-element elementor-element-a7d2772 elementor-icon-list--layout-traditional elementor-list-item-link-full_width elementor-widget elementor-widget-icon-list" data-id="a7d2772" data-element_type="widget" data-e-type="widget" data-widget_type="icon-list.default">
				<div class="elementor-widget-container">
							<ul class="elementor-icon-list-items">
							<li class="elementor-icon-list-item">
											<a href="https://fsmcv.org/categoria/joven-banda-sinfonica/">

												<span class="elementor-icon-list-icon">
							<i aria-hidden="true" class="fas fa-link"></i>						</span>
										<span class="elementor-icon-list-text">Jove Banda Simfònica de la FSMCV</span>
											</a>
									</li>
								<li class="elementor-icon-list-item">
											<a href="https://www.ugda.lu/" target="_blank" rel="nofollow noopener">

												<span class="elementor-icon-list-icon">
							<i aria-hidden="true" class="fas fa-link"></i>						</span>
										<span class="elementor-icon-list-text">European Union Youth Wind Orchestra</span>
											</a>
									</li>
						</ul>
						</div>
				</div>
					</div>
		</div>
					</div>
		</section>
				</div>

<p>Orquestres Simfòniques Jove Orquestra Simfònica de la FSMCV Jove Orquestra de la Generalitat Valenciana (JOGV) Asociació Espanyola de Jóves Orquestres (AEJO) Jove Orquestra Nacional d´ Espanya (JONDE) Escola d’alts estudis musicals – REAL FILHARMONÍA DE GALÍCIA Jove Orquestra de l´ Unió Europea Orquestres jóvens d&#8217;Europa: directori European Federation of National Youth Orchestras Bandes Sinfònicas Jove [&hellip;]</p>
