{"id":59129,"date":"2022-09-06T12:56:21","date_gmt":"2022-09-06T10:56:21","guid":{"rendered":"https:\/\/fsmcv.org\/?post_type=product&#038;p=59129"},"modified":"2023-06-18T12:21:31","modified_gmt":"2023-06-18T10:21:31","slug":"cd-xiv-programa-de-concerts-dintercanvis-musicals-2017","status":"publish","type":"product","link":"https:\/\/fsmcv.org\/vl\/tenda\/discos\/jove-banda-simfonica-de-la-fsmcv\/cd-xiv-programa-de-concerts-dintercanvis-musicals-2017\/","title":{"rendered":"CD XIV Programa de Concerts d&#8217;Intercanvis Musicals 2017"},"content":{"rendered":"<p><strong>DISC I<\/strong><\/p>\n<p>Cont\u00e9:<\/p>\n<p>COR FEDERAL FECOCOVA i director JOSEP R. GIL-T\u00c0RREGA<\/p>\n<p>1. O SACRUM CONVIVIUM de Fernando Cabedo<br \/>\n2. NADA TE TURBE de R. S\u00e0nchez \u2013 Mombiedro<br \/>\n3. TRES CAN\u00c7ONS VALENCIANES de J.R. Gil- T\u00e0rrega.<\/p>\n<p>METALLS I PERCUSSI\u00d3 DE LA JOVE BANDA SIMF\u00d2NICA FSMCV I COLLA FEDERAL FVDiT i director J.C. SEMPERE BOMBO\u00cd<\/p>\n<p>4. LLUNA D\u00b4ARGENT de J.C. Sempere Bombo\u00ed.<\/p>\n<p>DOL\u00c7AINES FVDiT, JOVE BANDA SIMF\u00d2NICA FSMCV I GRUP DE BALL DE LA FFCV i director PERE VICALET<\/p>\n<p>5. MUIXERANGUES AL CEL de J.C. Sempere Bombo\u00ed.<\/p>\n<p>GRUPS DE LA FFCV<br \/>\n6. JOTA DE NAVAJAS \u2013 Popular<br \/>\n7. BOLERO PLA DE LA LLOSA DE RANES \u2013 Popular<br \/>\n8. CANT VALENCIA D\u00b4ESTIL \u2013 Popular<br \/>\n9. L\u00b4ANGUILA DE FIGUEROLES \u2013 Popular<br \/>\n10. BALL DE QUADRE DE BENIGANIM- Popular<\/p>\n<p>JOVE BANDA SIMF\u00d2NICA FSMCV I COR PARTICIPATIU I DE XIQUETS FECOCOVA i director PERE VICALET<br \/>\n11. CARMINA BURANA de Carl Orff<\/p>\n","protected":false},"excerpt":{"rendered":"<p>XIV Programa de Concerts d\u00b4Intercanvis Musicals 2017.<\/p>\n<p><strong>Directors:<\/strong> Josep R. Gil-T\u00e0rrega, J.C. Sempere Bombo\u00ed i Pere Vicalet.<\/p>\n<p><strong>DISC I<\/strong><\/p>\n<p>Cont\u00e9:<\/p>\n<p>COR FEDERAL FECOCOVA i director JOSEP R. GIL-T\u00c0RREGA<\/p>\n<p>1. O SACRUM CONVIVIUM de Fernando Cabedo<br \/>\n2. NADA TE TURBE de R. S\u00e0nchez \u2013 Mombiedro<br \/>\n3. TRES CAN\u00c7ONS VALENCIANES de J.R. Gil- T\u00e0rrega.<\/p>\n<p>METALLS I PERCUSSI\u00d3 DE LA JOVE BANDA SIMF\u00d2NICA FSMCV I COLLA FEDERAL FVDiT i director J.C. SEMPERE BOMBO\u00cd<\/p>\n<p>4. LLUNA D\u00b4ARGENT de J.C. Sempere Bombo\u00ed.<\/p>\n<p>DOL\u00c7AINES FVDiT, JOVE BANDA SIMF\u00d2NICA FSMCV I GRUP DE BALL DE LA FFCV i director PERE VICALET<\/p>\n<p>5. MUIXERANGUES AL CEL de J.C. Sempere Bombo\u00ed.<\/p>\n<p>GRUPS DE LA FFCV<br \/>\n6. JOTA DE NAVAJAS \u2013 Popular<br \/>\n7. BOLERO PLA DE LA LLOSA DE RANES \u2013 Popular<br \/>\n8. CANT VALENCIA D\u00b4ESTIL \u2013 Popular<br \/>\n9. L\u00b4ANGUILA DE FIGUEROLES \u2013 Popular<br \/>\n10. BALL DE QUADRE DE BENIGANIM- Popular<\/p>\n<p>JOVE BANDA SIMF\u00d2NICA FSMCV I COR PARTICIPATIU I DE XIQUETS FECOCOVA i director PERE VICALET<br \/>\n11. CARMINA BURANA de Carl Orff<\/p>\n","protected":false},"featured_media":20089,"template":"","meta":[],"product_brand":[],"product_cat":[404,587],"product_tag":[],"class_list":{"0":"post-59129","1":"product","2":"type-product","3":"status-publish","4":"has-post-thumbnail","6":"product_cat-discos","7":"product_cat-jove-banda-simfonica-de-la-fsmcv","9":"first","10":"outofstock","11":"taxable","12":"shipping-taxable","13":"purchasable","14":"product-type-simple"},"_links":{"self":[{"href":"https:\/\/fsmcv.org\/vl\/wp-json\/wp\/v2\/product\/59129","targetHints":{"allow":["GET"]}}],"collection":[{"href":"https:\/\/fsmcv.org\/vl\/wp-json\/wp\/v2\/product"}],"about":[{"href":"https:\/\/fsmcv.org\/vl\/wp-json\/wp\/v2\/types\/product"}],"wp:featuredmedia":[{"embeddable":true,"href":"https:\/\/fsmcv.org\/vl\/wp-json\/wp\/v2\/media\/20089"}],"wp:attachment":[{"href":"https:\/\/fsmcv.org\/vl\/wp-json\/wp\/v2\/media?parent=59129"}],"wp:term":[{"taxonomy":"product_brand","embeddable":true,"href":"https:\/\/fsmcv.org\/vl\/wp-json\/wp\/v2\/product_brand?post=59129"},{"taxonomy":"product_cat","embeddable":true,"href":"https:\/\/fsmcv.org\/vl\/wp-json\/wp\/v2\/product_cat?post=59129"},{"taxonomy":"product_tag","embeddable":true,"href":"https:\/\/fsmcv.org\/vl\/wp-json\/wp\/v2\/product_tag?post=59129"}],"curies":[{"name":"wp","href":"https:\/\/api.w.org\/{rel}","templated":true}]}}

<p><strong>DISC I</strong></p>
<p>Conté:</p>
<p>COR FEDERAL FECOCOVA i director JOSEP R. GIL-TÀRREGA</p>
<p>1. O SACRUM CONVIVIUM de Fernando Cabedo<br />
2. NADA TE TURBE de R. Sànchez – Mombiedro<br />
3. TRES CANÇONS VALENCIANES de J.R. Gil- Tàrrega.</p>
<p>METALLS I PERCUSSIÓ DE LA JOVE BANDA SIMFÒNICA FSMCV I COLLA FEDERAL FVDiT i director J.C. SEMPERE BOMBOÍ</p>
<p>4. LLUNA D´ARGENT de J.C. Sempere Bomboí.</p>
<p>DOLÇAINES FVDiT, JOVE BANDA SIMFÒNICA FSMCV I GRUP DE BALL DE LA FFCV i director PERE VICALET</p>
<p>5. MUIXERANGUES AL CEL de J.C. Sempere Bomboí.</p>
<p>GRUPS DE LA FFCV<br />
6. JOTA DE NAVAJAS – Popular<br />
7. BOLERO PLA DE LA LLOSA DE RANES – Popular<br />
8. CANT VALENCIA D´ESTIL – Popular<br />
9. L´ANGUILA DE FIGUEROLES – Popular<br />
10. BALL DE QUADRE DE BENIGANIM- Popular</p>
<p>JOVE BANDA SIMFÒNICA FSMCV I COR PARTICIPATIU I DE XIQUETS FECOCOVA i director PERE VICALET<br />
11. CARMINA BURANA de Carl Orff</p>

<p>XIV Programa de Concerts d´Intercanvis Musicals 2017.</p>
<p><strong>Directors:</strong> Josep R. Gil-Tàrrega, J.C. Sempere Bomboí i Pere Vicalet.</p>
<p><strong>DISC I</strong></p>
<p>Conté:</p>
<p>COR FEDERAL FECOCOVA i director JOSEP R. GIL-TÀRREGA</p>
<p>1. O SACRUM CONVIVIUM de Fernando Cabedo<br />
2. NADA TE TURBE de R. Sànchez – Mombiedro<br />
3. TRES CANÇONS VALENCIANES de J.R. Gil- Tàrrega.</p>
<p>METALLS I PERCUSSIÓ DE LA JOVE BANDA SIMFÒNICA FSMCV I COLLA FEDERAL FVDiT i director J.C. SEMPERE BOMBOÍ</p>
<p>4. LLUNA D´ARGENT de J.C. Sempere Bomboí.</p>
<p>DOLÇAINES FVDiT, JOVE BANDA SIMFÒNICA FSMCV I GRUP DE BALL DE LA FFCV i director PERE VICALET</p>
<p>5. MUIXERANGUES AL CEL de J.C. Sempere Bomboí.</p>
<p>GRUPS DE LA FFCV<br />
6. JOTA DE NAVAJAS – Popular<br />
7. BOLERO PLA DE LA LLOSA DE RANES – Popular<br />
8. CANT VALENCIA D´ESTIL – Popular<br />
9. L´ANGUILA DE FIGUEROLES – Popular<br />
10. BALL DE QUADRE DE BENIGANIM- Popular</p>
<p>JOVE BANDA SIMFÒNICA FSMCV I COR PARTICIPATIU I DE XIQUETS FECOCOVA i director PERE VICALET<br />
11. CARMINA BURANA de Carl Orff</p>
